Last updated on 2024-04-23 12:49:30 CEST.
Flavor | Version | Tinstall | Tcheck | Ttotal | Status | Flags |
---|---|---|---|---|---|---|
r-devel-linux-x86_64-debian-clang | 0.8.7 | 0.54 | 1.94 | 2.48 | ERROR | |
r-devel-linux-x86_64-debian-gcc | 0.8.7 | 44.57 | 153.02 | 197.59 | NOTE | |
r-devel-linux-x86_64-fedora-clang | 0.8.7 | 330.70 | NOTE | |||
r-devel-linux-x86_64-fedora-gcc | 0.8.7 | 313.23 | NOTE | |||
r-prerel-macos-arm64 | 0.8.7 | 93.00 | NOTE | |||
r-prerel-macos-x86_64 | 0.8.7 | 180.00 | NOTE | |||
r-prerel-windows-x86_64 | 0.8.7 | 48.00 | 153.00 | 201.00 | NOTE | |
r-patched-linux-x86_64 | 0.8.7 | 50.05 | 202.10 | 252.15 | NOTE | |
r-release-linux-x86_64 | 0.8.7 | 47.60 | 209.62 | 257.22 | NOTE | |
r-release-macos-arm64 | 0.8.7 | 105.00 | NOTE | |||
r-release-macos-x86_64 | 0.8.7 | 163.00 | NOTE | |||
r-release-windows-x86_64 | 0.8.7 | 57.00 | 190.00 | 247.00 | NOTE | |
r-oldrel-macos-arm64 | 0.8.7 | 105.00 | NOTE | |||
r-oldrel-windows-x86_64 | 0.8.7 | 63.00 | 190.00 | 253.00 | NOTE |
Version: 0.8.7
Check: package dependencies
Result: ERROR
Package required but not available: ‘Biostrings’
See section ‘The DESCRIPTION file’ in the ‘Writing R Extensions’
manual.
Flavor: r-devel-linux-x86_64-debian-clang
Version: 0.8.7
Check: LazyData
Result: NOTE
'LazyData' is specified without a 'data' directory
Flavors: r-devel-linux-x86_64-debian-gcc, r-devel-linux-x86_64-fedora-clang, r-devel-linux-x86_64-fedora-gcc, r-prerel-macos-arm64, r-prerel-macos-x86_64, r-prerel-windows-x86_64, r-patched-linux-x86_64, r-release-linux-x86_64, r-release-macos-arm64, r-release-macos-x86_64, r-release-windows-x86_64, r-oldrel-macos-arm64, r-oldrel-windows-x86_64
Version: 0.8.7
Check: installed package size
Result: NOTE
installed size is 5.2Mb
sub-directories of 1Mb or more:
R 5.1Mb
Flavors: r-prerel-macos-arm64, r-prerel-macos-x86_64, r-release-macos-arm64, r-release-macos-x86_64, r-oldrel-macos-arm64