Last updated on 2024-04-18 03:51:58 CEST.
Flavor | Version | Tinstall | Tcheck | Ttotal | Status | Flags |
---|---|---|---|---|---|---|
r-devel-linux-x86_64-debian-clang | 0.45.8 | 613.98 | 198.82 | 812.80 | OK | |
r-devel-linux-x86_64-debian-gcc | 0.45.8 | 663.80 | 167.53 | 831.33 | OK | |
r-devel-linux-x86_64-fedora-clang | 0.45.8 | 1078.04 | NOTE | |||
r-devel-linux-x86_64-fedora-gcc | 0.45.8 | 1484.38 | OK | |||
r-prerel-macos-arm64 | 0.45.8 | 179.00 | NOTE | |||
r-prerel-macos-x86_64 | 0.45.8 | 356.00 | NOTE | |||
r-prerel-windows-x86_64 | 0.45.8 | 528.00 | 4.00 | 532.00 | ERROR | |
r-patched-linux-x86_64 | 0.45.8 | 749.97 | 212.17 | 962.14 | OK | |
r-release-linux-x86_64 | 0.45.8 | 783.95 | 215.70 | 999.65 | OK | |
r-release-macos-arm64 | 0.45.8 | 192.00 | NOTE | |||
r-release-macos-x86_64 | 0.45.8 | 363.00 | NOTE | |||
r-release-windows-x86_64 | 0.45.8 | 697.00 | 318.00 | 1015.00 | NOTE | |
r-oldrel-macos-arm64 | 0.45.8 | 175.00 | NOTE | |||
r-oldrel-windows-x86_64 | 0.45.8 | 628.00 | 262.00 | 890.00 | NOTE |
Version: 0.45.8
Check: installed package size
Result: NOTE
installed size is 14.8Mb
sub-directories of 1Mb or more:
data 1.4Mb
doc 3.7Mb
extdata 1.1Mb
include 3.0Mb
libs 4.9Mb
Flavors: r-devel-linux-x86_64-fedora-clang, r-prerel-macos-arm64, r-prerel-macos-x86_64, r-release-macos-arm64, r-release-macos-x86_64, r-release-windows-x86_64, r-oldrel-macos-arm64, r-oldrel-windows-x86_64
Version: 0.45.8
Check: whether package can be installed
Result: ERROR
Installation failed.
Flavor: r-prerel-windows-x86_64