CRAN Package Check Results for Package imagefluency

Last updated on 2020-10-01 12:49:04 CEST.

Flavor Version Tinstall Tcheck Ttotal Status Flags
r-devel-linux-x86_64-debian-clang 0.2.3 2.92 38.86 41.78 OK
r-devel-linux-x86_64-debian-gcc 0.2.3 2.55 30.41 32.96 OK
r-devel-linux-x86_64-fedora-clang 0.2.3 58.14 NOTE
r-devel-linux-x86_64-fedora-gcc 0.2.3 49.71 OK
r-devel-windows-ix86+x86_64 0.2.3 10.00 89.00 99.00 OK
r-patched-linux-x86_64 0.2.3 3.06 38.61 41.67 OK
r-patched-solaris-x86 0.2.3 81.10 OK
r-release-linux-x86_64 0.2.3 3.15 37.85 41.00 OK
r-release-macos-x86_64 0.2.3 OK
r-release-windows-ix86+x86_64 0.2.3 7.00 81.00 88.00 OK
r-oldrel-macos-x86_64 0.2.3 OK
r-oldrel-windows-ix86+x86_64 0.2.3 5.00 103.00 108.00 OK

Check Details

Version: 0.2.3
Check: Rd cross-references
Result: NOTE
    Undeclared packages ‘bmp’, ‘jpeg’, ‘png’, ‘tiff’ in Rd xrefs
Flavor: r-devel-linux-x86_64-fedora-clang