Last updated on 2024-04-24 12:56:37 CEST.
Flavor | Version | Tinstall | Tcheck | Ttotal | Status | Flags |
---|---|---|---|---|---|---|
r-devel-linux-x86_64-debian-clang | 0.1 | 52.62 | 35.45 | 88.07 | NOTE | |
r-devel-linux-x86_64-debian-gcc | 0.1 | 41.47 | 32.65 | 74.12 | NOTE | |
r-devel-linux-x86_64-fedora-clang | 0.1 | 141.31 | NOTE | |||
r-devel-linux-x86_64-fedora-gcc | 0.1 | 127.96 | NOTE | |||
r-devel-windows-x86_64 | 0.1 | 40.00 | 73.00 | 113.00 | NOTE | |
r-patched-linux-x86_64 | 0.1 | 52.06 | 41.61 | 93.67 | NOTE | |
r-release-linux-x86_64 | 0.1 | 49.29 | 42.27 | 91.56 | NOTE | |
r-release-macos-arm64 | 0.1 | 36.00 | NOTE | |||
r-release-windows-x86_64 | 0.1 | 39.00 | 72.00 | 111.00 | NOTE | |
r-oldrel-macos-arm64 | 0.1 | 35.00 | OK | |||
r-oldrel-macos-x86_64 | 0.1 | 56.00 | NOTE | |||
r-oldrel-windows-x86_64 | 0.1 | 50.00 | 78.00 | 128.00 | OK |
Version: 0.1
Check: C++ specification
Result: NOTE
Specified C++11: please drop specification unless essential
Flavors: r-devel-linux-x86_64-debian-clang, r-devel-linux-x86_64-debian-gcc, r-devel-linux-x86_64-fedora-clang, r-devel-linux-x86_64-fedora-gcc, r-devel-windows-x86_64, r-patched-linux-x86_64, r-release-linux-x86_64, r-release-macos-arm64, r-release-windows-x86_64, r-oldrel-macos-x86_64