Last updated on 2023-04-01 12:56:27 CEST.
Flavor | Version | Tinstall | Tcheck | Ttotal | Status | Flags |
---|---|---|---|---|---|---|
r-devel-linux-x86_64-debian-clang | 0.9.99 | 2.44 | 30.05 | 32.49 | OK | |
r-devel-linux-x86_64-debian-gcc | 0.9.99 | 1.52 | 23.32 | 24.84 | OK | |
r-devel-linux-x86_64-fedora-clang | 0.9.99 | 41.18 | NOTE | |||
r-devel-linux-x86_64-fedora-gcc | 0.9.99 | 48.65 | NOTE | |||
r-devel-windows-x86_64 | 0.9.99 | 5.00 | 63.00 | 68.00 | OK | |
r-patched-linux-x86_64 | 0.9.99 | 2.22 | 28.84 | 31.06 | OK | |
r-release-linux-x86_64 | 0.9.99 | 1.89 | 29.73 | 31.62 | OK | |
r-release-macos-arm64 | 0.9.99 | 19.00 | NOTE | |||
r-release-macos-x86_64 | 0.9.99 | 28.00 | NOTE | |||
r-release-windows-x86_64 | 0.9.99 | 48.00 | 75.00 | 123.00 | OK | |
r-oldrel-macos-arm64 | 0.9.99 | 20.00 | NOTE | |||
r-oldrel-macos-x86_64 | 0.9.99 | 34.00 | NOTE | |||
r-oldrel-windows-ix86+x86_64 | 0.9.99 | 5.00 | 57.00 | 62.00 | OK |
Version: 0.9.99
Check: data for non-ASCII characters
Result: NOTE
Note: found 40 marked UTF-8 strings
Flavors: r-devel-linux-x86_64-fedora-clang, r-devel-linux-x86_64-fedora-gcc, r-release-macos-arm64, r-release-macos-x86_64, r-oldrel-macos-arm64, r-oldrel-macos-x86_64