Last updated on 2024-04-23 12:49:30 CEST.
Flavor | Version | Tinstall | Tcheck | Ttotal | Status | Flags |
---|---|---|---|---|---|---|
r-devel-linux-x86_64-debian-clang | 1.0.4 | 2.68 | 142.28 | 144.96 | OK | |
r-devel-linux-x86_64-debian-gcc | 1.0.4 | 2.85 | 126.21 | 129.06 | OK | |
r-devel-linux-x86_64-fedora-clang | 1.0.4 | 176.03 | NOTE | |||
r-devel-linux-x86_64-fedora-gcc | 1.0.4 | 188.68 | NOTE | |||
r-prerel-macos-arm64 | 1.0.4 | 88.00 | OK | |||
r-prerel-windows-x86_64 | 1.0.4 | 5.00 | 251.00 | 256.00 | OK | |
r-patched-linux-x86_64 | 1.0.4 | 4.26 | 138.16 | 142.42 | OK | |
r-release-linux-x86_64 | 1.0.4 | 3.08 | 140.03 | 143.11 | OK | |
r-release-macos-arm64 | 1.0.4 | 98.00 | OK | |||
r-release-macos-x86_64 | 1.0.4 | 217.00 | OK | |||
r-release-windows-x86_64 | 1.0.4 | 6.00 | 206.00 | 212.00 | OK | |
r-oldrel-macos-arm64 | 1.0.4 | 88.00 | OK | |||
r-oldrel-windows-x86_64 | 1.0.4 | 8.00 | 202.00 | 210.00 | OK |
Version: 1.0.4
Check: data for non-ASCII characters
Result: NOTE
Note: found 4 marked UTF-8 strings
Flavors: r-devel-linux-x86_64-fedora-clang, r-devel-linux-x86_64-fedora-gcc