CRAN Package Check Results for Package ie2misc

Last updated on 2021-03-04 06:47:33 CET.

Flavor Version Tinstall Tcheck Ttotal Status Flags
r-devel-linux-x86_64-debian-clang 0.8.6 15.81 88.12 103.93 OK
r-devel-linux-x86_64-debian-gcc 0.8.6 11.88 67.04 78.92 OK
r-devel-linux-x86_64-fedora-clang 0.8.6 139.80 NOTE
r-devel-linux-x86_64-fedora-gcc 0.8.6 126.67 OK
r-devel-windows-ix86+x86_64 0.8.6 21.00 107.00 128.00 OK
r-patched-linux-x86_64 0.8.6 15.90 80.05 95.95 OK
r-patched-solaris-x86 0.8.6 194.60 OK
r-release-linux-x86_64 0.8.6 14.32 80.51 94.83 OK
r-release-macos-x86_64 0.8.6 OK
r-release-windows-ix86+x86_64 0.8.6 20.00 77.00 97.00 OK
r-oldrel-macos-x86_64 0.8.6 WARN
r-oldrel-windows-ix86+x86_64 0.8.6 20.00 89.00 109.00 OK

Check Details

Version: 0.8.6
Check: Rd cross-references
Result: NOTE
    Undeclared package ‘moments’ in Rd xrefs
Flavor: r-devel-linux-x86_64-fedora-clang

Version: 0.8.6
Check: dependencies in R code
Result: NOTE
    No protocol specified
    No protocol specified
Flavor: r-oldrel-macos-x86_64

Version: 0.8.6
Check: S3 generic/method consistency
Result: WARN
    No protocol specified
    No protocol specified
    See section ‘Generic functions and methods’ in the ‘Writing R
    Extensions’ manual.
Flavor: r-oldrel-macos-x86_64

Version: 0.8.6
Check: replacement functions
Result: WARN
    No protocol specified
    No protocol specified
    The argument of a replacement function which corresponds to the right
    hand side must be named ‘value’.
Flavor: r-oldrel-macos-x86_64

Version: 0.8.6
Check: foreign function calls
Result: NOTE
    No protocol specified
    No protocol specified
    See chapter ‘System and foreign language interfaces’ in the ‘Writing R
    Extensions’ manual.
Flavor: r-oldrel-macos-x86_64

Version: 0.8.6
Check: R code for possible problems
Result: NOTE
    No protocol specified
    No protocol specified
Flavor: r-oldrel-macos-x86_64

Version: 0.8.6
Check: for missing documentation entries
Result: WARN
    No protocol specified
    No protocol specified
    All user-level objects in a package should have documentation entries.
    See chapter ‘Writing R documentation files’ in the ‘Writing R
    Extensions’ manual.
Flavor: r-oldrel-macos-x86_64

Version: 0.8.6
Check: for code/documentation mismatches
Result: WARN
    No protocol specified
    No protocol specified
    No protocol specified
    No protocol specified
    No protocol specified
    No protocol specified
Flavor: r-oldrel-macos-x86_64

Version: 0.8.6
Check: Rd \usage sections
Result: NOTE
    No protocol specified
    No protocol specified
    The \usage entries for S3 methods should use the \method markup and not
    their full name.
    See chapter ‘Writing R documentation files’ in the ‘Writing R
    Extensions’ manual.
Flavor: r-oldrel-macos-x86_64