Last updated on 2022-05-28 12:54:04 CEST.
Flavor | Version | Tinstall | Tcheck | Ttotal | Status | Flags |
---|---|---|---|---|---|---|
r-devel-linux-x86_64-debian-clang | 5.1 | 121.31 | 207.47 | 328.78 | NOTE | |
r-devel-linux-x86_64-debian-gcc | 5.1 | 109.38 | 155.32 | 264.70 | NOTE | |
r-devel-linux-x86_64-fedora-clang | 5.1 | 426.25 | NOTE | |||
r-devel-linux-x86_64-fedora-gcc | 5.1 | 427.66 | NOTE | |||
r-devel-windows-x86_64 | 5.1 | 100.00 | 237.00 | 337.00 | NOTE | |
r-patched-linux-x86_64 | 5.1 | 116.23 | 199.57 | 315.80 | NOTE | |
r-release-linux-x86_64 | 5.1 | 90.96 | 202.42 | 293.38 | NOTE | |
r-release-macos-arm64 | 5.1 | 106.00 | NOTE | |||
r-release-macos-x86_64 | 5.1 | 232.00 | NOTE | |||
r-release-windows-x86_64 | 5.1 | 110.00 | 236.00 | 346.00 | NOTE | |
r-oldrel-macos-arm64 | 5.1 | 150.00 | NOTE | |||
r-oldrel-macos-x86_64 | 5.1 | 224.00 | NOTE | |||
r-oldrel-windows-ix86+x86_64 | 5.1 | 272.00 | 293.00 | 565.00 | NOTE |
Version: 5.1
Check: for GNU extensions in Makefiles
Result: NOTE
GNU make is a SystemRequirements.
Flavors: r-devel-linux-x86_64-debian-clang, r-devel-linux-x86_64-debian-gcc, r-devel-linux-x86_64-fedora-clang, r-devel-linux-x86_64-fedora-gcc, r-devel-windows-x86_64, r-patched-linux-x86_64, r-release-linux-x86_64, r-release-macos-arm64, r-release-macos-x86_64, r-release-windows-x86_64, r-oldrel-macos-arm64, r-oldrel-macos-x86_64, r-oldrel-windows-ix86+x86_64
Version: 5.1
Check: installed package size
Result: NOTE
installed size is 21.3Mb
sub-directories of 1Mb or more:
doc 1.2Mb
libs 19.5Mb
Flavors: r-devel-linux-x86_64-fedora-clang, r-release-macos-arm64, r-release-macos-x86_64, r-oldrel-macos-arm64, r-oldrel-macos-x86_64, r-oldrel-windows-ix86+x86_64