Last updated on 2024-04-24 02:53:01 CEST.
Flavor | Version | Tinstall | Tcheck | Ttotal | Status | Flags |
---|---|---|---|---|---|---|
r-devel-linux-x86_64-debian-clang | 0.0.3 | 3.03 | 24.75 | 27.78 | OK | |
r-devel-linux-x86_64-debian-gcc | 0.0.3 | 2.35 | 18.94 | 21.29 | OK | |
r-devel-linux-x86_64-fedora-clang | 0.0.3 | 34.57 | NOTE | |||
r-devel-linux-x86_64-fedora-gcc | 0.0.3 | 32.57 | NOTE | |||
r-prerel-macos-arm64 | 0.0.3 | 17.00 | OK | |||
r-prerel-windows-x86_64 | 0.0.3 | 4.00 | 46.00 | 50.00 | OK | |
r-patched-linux-x86_64 | 0.0.3 | 1.85 | 23.47 | 25.32 | OK | |
r-release-linux-x86_64 | 0.0.3 | 1.91 | 23.99 | 25.90 | OK | |
r-release-macos-arm64 | 0.0.3 | 18.00 | OK | |||
r-release-macos-x86_64 | 0.0.3 | 21.00 | OK | |||
r-release-windows-x86_64 | 0.0.3 | 5.00 | 45.00 | 50.00 | OK | |
r-oldrel-macos-arm64 | 0.0.3 | 18.00 | NOTE | |||
r-oldrel-windows-x86_64 | 0.0.3 | 5.00 | 48.00 | 53.00 | OK |
Version: 0.0.3
Check: dependencies in R code
Result: NOTE
Namespaces in Imports field not imported from:
‘digest’ ‘purrr’ ‘tidyverse’
All declared Imports should be used.
Flavors: r-devel-linux-x86_64-fedora-clang, r-devel-linux-x86_64-fedora-gcc, r-oldrel-macos-arm64