Last updated on 2024-04-23 12:49:30 CEST.
Flavor | Version | Tinstall | Tcheck | Ttotal | Status | Flags |
---|---|---|---|---|---|---|
r-devel-linux-x86_64-debian-clang | 2.0.16 | 80.51 | 172.67 | 253.18 | OK | |
r-devel-linux-x86_64-debian-gcc | 2.0.16 | 69.81 | 125.73 | 195.54 | OK | |
r-devel-linux-x86_64-fedora-clang | 2.0.16 | 321.16 | OK | |||
r-devel-linux-x86_64-fedora-gcc | 2.0.16 | 349.42 | OK | |||
r-prerel-macos-arm64 | 2.0.16 | 94.00 | NOTE | |||
r-prerel-windows-x86_64 | 2.0.16 | 65.00 | 264.00 | 329.00 | OK | |
r-patched-linux-x86_64 | 2.0.16 | 82.50 | 166.68 | 249.18 | OK | |
r-release-linux-x86_64 | 2.0.16 | 84.60 | 176.78 | 261.38 | OK | |
r-release-macos-arm64 | 2.0.16 | 121.00 | NOTE | |||
r-release-macos-x86_64 | 2.0.16 | 261.00 | NOTE | |||
r-release-windows-x86_64 | 2.0.16 | 81.00 | 300.00 | 381.00 | OK | |
r-oldrel-macos-arm64 | 2.0.16 | 130.00 | NOTE | |||
r-oldrel-windows-x86_64 | 2.0.16 | 76.00 | 282.00 | 358.00 | OK |
Version: 2.0.16
Check: installed package size
Result: NOTE
installed size is 19.3Mb
sub-directories of 1Mb or more:
libs 17.8Mb
Flavors: r-prerel-macos-arm64, r-release-macos-arm64, r-release-macos-x86_64, r-oldrel-macos-arm64