CRAN Package Check Results for Package ical

Last updated on 2021-10-16 11:51:54 CEST.

Flavor Version Tinstall Tcheck Ttotal Status Flags
r-devel-linux-x86_64-debian-clang 0.1.6 2.53 29.50 32.03 NOTE
r-devel-linux-x86_64-debian-gcc 0.1.6 1.98 23.35 25.33 NOTE
r-devel-linux-x86_64-fedora-clang 0.1.6 49.63 NOTE
r-devel-linux-x86_64-fedora-gcc 0.1.6 40.23 NOTE
r-devel-windows-x86_64 0.1.6 5.00 48.00 53.00 NOTE
r-devel-windows-x86_64-gcc10-UCRT 0.1.6 NOTE
r-patched-linux-x86_64 0.1.6 2.46 28.54 31.00 NOTE
r-patched-solaris-x86 0.1.6 60.60 NOTE
r-release-linux-x86_64 0.1.6 2.46 28.70 31.16 NOTE
r-release-macos-arm64 0.1.6 NOTE
r-release-macos-x86_64 0.1.6 NOTE
r-release-windows-ix86+x86_64 0.1.6 10.00 66.00 76.00 NOTE
r-oldrel-macos-x86_64 0.1.6 OK
r-oldrel-windows-ix86+x86_64 0.1.6 10.00 68.00 78.00 OK

Check Details

Version: 0.1.6
Check: LazyData
Result: NOTE
     'LazyData' is specified without a 'data' directory
Flavors: r-devel-linux-x86_64-debian-clang, r-devel-linux-x86_64-debian-gcc, r-devel-linux-x86_64-fedora-clang, r-devel-linux-x86_64-fedora-gcc, r-devel-windows-x86_64, r-devel-windows-x86_64-gcc10-UCRT, r-patched-linux-x86_64, r-patched-solaris-x86, r-release-linux-x86_64, r-release-macos-arm64, r-release-macos-x86_64, r-release-windows-ix86+x86_64