CRAN Package Check Results for Package ical

Last updated on 2022-09-29 06:54:23 CEST.

Flavor Version Tinstall Tcheck Ttotal Status Flags
r-devel-linux-x86_64-debian-clang 0.1.6 2.40 32.66 35.06 NOTE
r-devel-linux-x86_64-debian-gcc 0.1.6 1.78 25.89 27.67 NOTE
r-devel-linux-x86_64-fedora-clang 0.1.6 55.03 NOTE
r-devel-linux-x86_64-fedora-gcc 0.1.6 51.56 NOTE
r-devel-windows-x86_64 0.1.6 12.00 57.00 69.00 NOTE
r-patched-linux-x86_64 0.1.6 2.62 32.48 35.10 NOTE
r-release-linux-x86_64 0.1.6 2.45 31.17 33.62 NOTE
r-release-macos-arm64 0.1.6 17.00 NOTE
r-release-macos-x86_64 0.1.6 24.00 NOTE
r-release-windows-x86_64 0.1.6 13.00 61.00 74.00 NOTE
r-oldrel-macos-arm64 0.1.6 20.00 NOTE
r-oldrel-macos-x86_64 0.1.6 41.00 NOTE
r-oldrel-windows-ix86+x86_64 0.1.6 10.00 73.00 83.00 NOTE

Check Details

Version: 0.1.6
Check: LazyData
Result: NOTE
     'LazyData' is specified without a 'data' directory
Flavors: r-devel-linux-x86_64-debian-clang, r-devel-linux-x86_64-debian-gcc, r-devel-linux-x86_64-fedora-clang, r-devel-linux-x86_64-fedora-gcc, r-devel-windows-x86_64, r-patched-linux-x86_64, r-release-linux-x86_64, r-release-macos-arm64, r-release-macos-x86_64, r-release-windows-x86_64, r-oldrel-macos-arm64, r-oldrel-macos-x86_64, r-oldrel-windows-ix86+x86_64