Last updated on 2024-04-23 05:58:14 CEST.
Flavor | Version | Tinstall | Tcheck | Ttotal | Status | Flags |
---|---|---|---|---|---|---|
r-devel-linux-x86_64-debian-clang | 1.51.0 | 19.89 | 131.88 | 151.77 | NOTE | |
r-devel-linux-x86_64-debian-gcc | 1.51.0 | 16.16 | 96.31 | 112.47 | NOTE | |
r-devel-linux-x86_64-fedora-clang | 1.51.0 | 193.25 | NOTE | |||
r-devel-linux-x86_64-fedora-gcc | 1.51.0 | 198.31 | NOTE | |||
r-prerel-macos-arm64 | 1.51.0 | 64.00 | NOTE | |||
r-prerel-windows-x86_64 | 1.51.0 | 19.00 | 118.00 | 137.00 | NOTE | |
r-patched-linux-x86_64 | 1.51.0 | 23.09 | 126.71 | 149.80 | NOTE | |
r-release-linux-x86_64 | 1.51.0 | 16.97 | 125.24 | 142.21 | NOTE | |
r-release-macos-arm64 | 1.51.0 | 63.00 | NOTE | |||
r-release-macos-x86_64 | 1.51.0 | 236.00 | NOTE | |||
r-release-windows-x86_64 | 1.51.0 | 25.00 | 140.00 | 165.00 | NOTE | |
r-oldrel-macos-arm64 | 1.51.0 | 56.00 | NOTE | |||
r-oldrel-windows-x86_64 | 1.51.0 | 25.00 | 144.00 | 169.00 | NOTE |
Version: 1.51.0
Check: package dependencies
Result: NOTE
Package suggested but not available for checking: ‘SparkR’
Flavors: r-devel-linux-x86_64-debian-clang, r-devel-linux-x86_64-debian-gcc, r-devel-linux-x86_64-fedora-clang, r-devel-linux-x86_64-fedora-gcc, r-prerel-macos-arm64, r-prerel-windows-x86_64, r-patched-linux-x86_64, r-release-linux-x86_64, r-release-macos-arm64, r-release-macos-x86_64, r-release-windows-x86_64, r-oldrel-macos-arm64, r-oldrel-windows-x86_64