CRAN Package Check Results for Package ibmAcousticR

Last updated on 2023-11-28 12:51:30 CET.

Flavor Version Tinstall Tcheck Ttotal Status Flags
r-devel-linux-x86_64-debian-clang 0.2.1 2.64 30.08 32.72 NOTE
r-devel-linux-x86_64-debian-gcc 0.2.1 2.61 23.99 26.60 NOTE
r-devel-linux-x86_64-fedora-clang 0.2.1 43.17 NOTE
r-devel-linux-x86_64-fedora-gcc 0.2.1 40.85 NOTE
r-devel-windows-x86_64 0.2.1 4.00 47.00 51.00 NOTE
r-patched-linux-x86_64 0.2.1 3.34 29.83 33.17 NOTE
r-release-linux-x86_64 0.2.1 3.19 29.99 33.18 NOTE
r-release-macos-arm64 0.2.1 18.00 NOTE
r-release-macos-x86_64 0.2.1 27.00 NOTE
r-release-windows-x86_64 0.2.1 5.00 47.00 52.00 NOTE
r-oldrel-macos-arm64 0.2.1 19.00 NOTE
r-oldrel-macos-x86_64 0.2.1 24.00 NOTE
r-oldrel-windows-x86_64 0.2.1 4.00 51.00 55.00 NOTE

Check Details

Version: 0.2.1
Check: LazyData
Result: NOTE 'LazyData' is specified without a 'data' directory Flavors: r-devel-linux-x86_64-debian-clang, r-devel-linux-x86_64-debian-gcc, r-devel-linux-x86_64-fedora-clang, r-devel-linux-x86_64-fedora-gcc, r-devel-windows-x86_64, r-patched-linux-x86_64, r-release-linux-x86_64, r-release-macos-arm64, r-release-macos-x86_64, r-release-windows-x86_64, r-oldrel-macos-arm64, r-oldrel-macos-x86_64, r-oldrel-windows-x86_64