CRAN Package Check Results for Package iSDM

Last updated on 2022-01-29 06:49:37 CET.

Flavor Version Tinstall Tcheck Ttotal Status Flags
r-devel-linux-x86_64-debian-clang 1.0 2.53 42.56 45.09 OK
r-devel-linux-x86_64-debian-gcc 1.0 2.27 32.70 34.97 OK
r-devel-linux-x86_64-fedora-clang 1.0 53.61 NOTE
r-devel-linux-x86_64-fedora-gcc 1.0 43.62 NOTE
r-devel-windows-x86_64-new-UL 1.0 16.00 62.00 78.00 OK
r-devel-windows-x86_64-new-TK 1.0 NOTE
r-patched-linux-x86_64 1.0 2.30 40.59 42.89 OK
r-release-linux-x86_64 1.0 1.70 39.73 41.43 OK
r-release-macos-arm64 1.0 NOTE
r-release-macos-x86_64 1.0 NOTE
r-release-windows-ix86+x86_64 1.0 7.00 52.00 59.00 OK
r-oldrel-macos-x86_64 1.0 NOTE
r-oldrel-windows-ix86+x86_64 1.0 6.00 54.00 60.00 OK

Check Details

Version: 1.0
Check: dependencies in R code
Result: NOTE
    Namespaces in Imports field not imported from:
     ‘colorRamps’ ‘virtualspecies’
     All declared Imports should be used.
Flavors: r-devel-linux-x86_64-fedora-clang, r-devel-linux-x86_64-fedora-gcc, r-devel-windows-x86_64-new-TK, r-release-macos-arm64, r-release-macos-x86_64, r-oldrel-macos-x86_64