CRAN Package Check Results for Package iSDM

Last updated on 2020-06-03 06:48:34 CEST.

Flavor Version Tinstall Tcheck Ttotal Status Flags
r-devel-linux-x86_64-debian-clang 1.0 2.81 24.58 27.39 OK
r-devel-linux-x86_64-debian-gcc 1.0 2.16 18.95 21.11 OK
r-devel-linux-x86_64-fedora-clang 1.0 40.90 NOTE
r-devel-linux-x86_64-fedora-gcc 1.0 31.60 NOTE
r-devel-windows-ix86+x86_64 1.0 13.00 57.00 70.00 OK
r-patched-linux-x86_64 1.0 2.53 24.81 27.34 OK
r-patched-solaris-x86 1.0 52.00 NOTE
r-release-linux-x86_64 1.0 2.68 24.47 27.15 OK
r-release-osx-x86_64 1.0 NOTE
r-release-windows-ix86+x86_64 1.0 7.00 39.00 46.00 OK
r-oldrel-osx-x86_64 1.0 NOTE
r-oldrel-windows-ix86+x86_64 1.0 6.00 38.00 44.00 OK

Check Details

Version: 1.0
Check: dependencies in R code
Result: NOTE
    Namespaces in Imports field not imported from:
     ‘colorRamps’ ‘virtualspecies’
     All declared Imports should be used.
Flavors: r-devel-linux-x86_64-fedora-clang, r-devel-linux-x86_64-fedora-gcc, r-patched-solaris-x86, r-release-osx-x86_64, r-oldrel-osx-x86_64