Last updated on 2022-06-28 03:51:34 CEST.
Flavor | Version | Tinstall | Tcheck | Ttotal | Status | Flags |
---|---|---|---|---|---|---|
r-devel-linux-x86_64-debian-clang | 1.12.2 | 14.85 | 143.21 | 158.06 | OK | |
r-devel-linux-x86_64-debian-gcc | 1.12.2 | 11.66 | 106.48 | 118.14 | OK | |
r-devel-linux-x86_64-fedora-clang | 1.12.2 | 192.11 | NOTE | |||
r-devel-linux-x86_64-fedora-gcc | 1.12.2 | 190.72 | OK | |||
r-devel-windows-x86_64 | 1.12.2 | 124.00 | 178.00 | 302.00 | OK | |
r-patched-linux-x86_64 | 1.12.2 | 18.56 | 133.54 | 152.10 | OK | |
r-release-linux-x86_64 | 1.12.2 | 9.39 | 134.26 | 143.65 | OK | |
r-release-macos-arm64 | 1.12.2 | 53.00 | OK | |||
r-release-macos-x86_64 | 1.12.2 | 89.00 | OK | |||
r-release-windows-x86_64 | 1.12.2 | 104.00 | 165.00 | 269.00 | OK | |
r-oldrel-macos-arm64 | 1.12.2 | 43.00 | OK | |||
r-oldrel-macos-x86_64 | 1.12.2 | 72.00 | OK | |||
r-oldrel-windows-ix86+x86_64 | 1.12.2 | 30.00 | 174.00 | 204.00 | OK |
Version: 1.12.2
Check: Rd cross-references
Result: NOTE
Undeclared package ‘tidyverse’ in Rd xrefs
Flavor: r-devel-linux-x86_64-fedora-clang