CRAN Package Check Results for Package iNZightPlots

Last updated on 2022-08-18 06:49:30 CEST.

Flavor Version Tinstall Tcheck Ttotal Status Flags
r-devel-linux-x86_64-debian-clang 2.14.0 25.09 294.81 319.90 OK
r-devel-linux-x86_64-debian-gcc 2.14.0 22.10 219.91 242.01 OK
r-devel-linux-x86_64-fedora-clang 2.14.0 384.60 OK
r-devel-linux-x86_64-fedora-gcc 2.14.0 381.77 OK
r-devel-windows-x86_64 2.14.0 123.00 341.00 464.00 OK
r-patched-linux-x86_64 2.14.0 25.73 280.74 306.47 OK
r-release-linux-x86_64 2.14.0 23.71 280.10 303.81 OK
r-release-macos-arm64 2.14.0 120.00 OK
r-release-macos-x86_64 2.14.0 211.00 OK
r-release-windows-x86_64 2.14.0 114.00 342.00 456.00 OK
r-oldrel-macos-arm64 2.14.0 107.00 NOTE
r-oldrel-macos-x86_64 2.14.0 167.00 OK
r-oldrel-windows-ix86+x86_64 2.14.0 48.00 325.00 373.00 OK

Check Details

Version: 2.14.0
Check: package dependencies
Result: NOTE
    Package suggested but not available for checking: ‘testthat’
Flavor: r-oldrel-macos-arm64