Last updated on 2025-05-11 12:50:21 CEST.
Flavor | Version | Tinstall | Tcheck | Ttotal | Status | Flags |
---|---|---|---|---|---|---|
r-devel-linux-x86_64-debian-clang | 0.5.5 | 7.67 | 52.42 | 60.09 | NOTE | |
r-devel-linux-x86_64-debian-gcc | 0.5.5 | 4.67 | 36.99 | 41.66 | NOTE | |
r-devel-linux-x86_64-fedora-clang | 0.5.5 | 100.78 | OK | |||
r-devel-linux-x86_64-fedora-gcc | 0.5.5 | 96.61 | OK | |||
r-devel-windows-x86_64 | 0.5.5 | 8.00 | 67.00 | 75.00 | OK | |
r-patched-linux-x86_64 | 0.5.5 | 6.00 | 49.85 | 55.85 | OK | |
r-release-linux-x86_64 | 0.5.5 | 6.69 | 49.61 | 56.30 | OK | |
r-release-macos-arm64 | 0.5.5 | 27.00 | OK | |||
r-release-macos-x86_64 | 0.5.5 | 54.00 | OK | |||
r-release-windows-x86_64 | 0.5.5 | 8.00 | 70.00 | 78.00 | OK | |
r-oldrel-macos-arm64 | 0.5.5 | 26.00 | OK | |||
r-oldrel-macos-x86_64 | 0.5.5 | 41.00 | OK | |||
r-oldrel-windows-x86_64 | 0.5.5 | 11.00 | 81.00 | 92.00 | OK |
Version: 0.5.5
Check: CRAN incoming feasibility
Result: NOTE
Maintainer: ‘Kai Wang <kai-wang@uiowa.edu>’
No Authors@R field in DESCRIPTION.
Please add one, modifying
Authors@R: c(person(given = c("Dr.", "Kai"),
family = "Wang",
role = "aut"),
person(given = "Kai",
family = "Wang",
role = "cre",
email = "kai-wang@uiowa.edu"))
as necessary.
Flavors: r-devel-linux-x86_64-debian-clang, r-devel-linux-x86_64-debian-gcc