CRAN Package Check Results for Package i2dash

Last updated on 2020-08-12 21:49:44 CEST.

Flavor Version Tinstall Tcheck Ttotal Status Flags
r-devel-linux-x86_64-debian-clang 0.2.1 4.64 31.41 36.05 ERROR
r-devel-linux-x86_64-debian-gcc 0.2.1 3.25 29.07 32.32 OK
r-devel-linux-x86_64-fedora-clang 0.2.1 57.82 NOTE
r-devel-linux-x86_64-fedora-gcc 0.2.1 48.12 NOTE
r-devel-windows-ix86+x86_64 0.2.1 11.00 73.00 84.00 NOTE
r-patched-linux-x86_64 0.2.1 4.31 36.58 40.89 OK
r-patched-solaris-x86 0.2.1 70.20 NOTE
r-release-linux-x86_64 0.2.1 4.20 31.29 35.49 ERROR
r-release-macos-x86_64 0.2.1 NOTE
r-release-windows-ix86+x86_64 0.2.1 17.00 80.00 97.00 NOTE
r-oldrel-macos-x86_64 0.2.1 WARN
r-oldrel-windows-ix86+x86_64 0.2.1 9.00 57.00 66.00 NOTE

Check Details

Version: 0.2.1
Check: package dependencies
Result: NOTE
    Package suggested but not available for checking: 'plotly'
Flavors: r-devel-linux-x86_64-debian-clang, r-release-linux-x86_64

Version: 0.2.1
Check: examples
Result: ERROR
    Running examples in 'i2dash-Ex.R' failed
    The error most likely occurred in:
    
    > base::assign(".ptime", proc.time(), pos = "CheckExEnv")
    > ### Name: add_component
    > ### Title: Add content to an i2dashboard object.
    > ### Aliases: add_component add_to_sidebar add_colormap add_link
    > ### add_component,i2dashboard,character-method
    > ### add_component,i2dashboard,function-method
    > ### add_component,i2dashboard,gg-method
    > ### add_component,i2dashboard,gt_tbl-method
    > ### add_component,i2dashboard,kableExtra-method
    > ### add_component,i2dashboard,Heatmap-method
    > ### add_component,i2dashboard,ANY-method add_link,i2dashboard-method
    > ### add_colormap,i2dashboard-method
    > ### add_to_sidebar,i2dashboard,character-method
    > ### add_to_sidebar,i2dashboard,function-method
    >
    > ### ** Examples
    >
    > library(magrittr)
    > i2dashboard() -> dashboard
    > myFunction <- function(dashboard) paste0("### Generate component\n\n",
    + "Lorem ipsum dolor sit amet\n")
    >
    > dashboard %<>% add_component(component = myFunction)
    > dashboard %<>% add_component(component = plotly::plot_ly(mtcars, x=~wt, y=~hp),
    + title = "Include htmlwidget")
    Error in (function (cond) :
     error in evaluating the argument 'component' in selecting a method for function 'add_component': there is no package called 'plotly'
    Calls: %<>% ... loadNamespace -> withRestarts -> withOneRestart -> doWithOneRestart
    Execution halted
Flavors: r-devel-linux-x86_64-debian-clang, r-release-linux-x86_64

Version: 0.2.1
Check: re-building of vignette outputs
Result: WARN
    Error(s) in re-building vignettes:
     ...
    --- re-building 'i2dash-intro.Rmd' using rmarkdown
    
    Attaching package: 'i2dash'
    
    The following object is masked from 'package:graphics':
    
     title
    
    The following object is masked from 'package:base':
    
     source
    
    Quitting from lines 152-178 (i2dash-intro.Rmd)
    Error: processing vignette 'i2dash-intro.Rmd' failed with diagnostics:
    there is no package called 'plotly'
    --- failed re-building 'i2dash-intro.Rmd'
    
    SUMMARY: processing the following file failed:
     'i2dash-intro.Rmd'
    
    Error: Vignette re-building failed.
    Execution halted
Flavors: r-devel-linux-x86_64-debian-clang, r-release-linux-x86_64

Version: 0.2.1
Check: installed package size
Result: NOTE
     installed size is 6.1Mb
     sub-directories of 1Mb or more:
     doc 5.7Mb
Flavors: r-devel-linux-x86_64-fedora-clang, r-devel-windows-ix86+x86_64, r-patched-solaris-x86, r-release-macos-x86_64, r-release-windows-ix86+x86_64, r-oldrel-macos-x86_64, r-oldrel-windows-ix86+x86_64

Version: 0.2.1
Check: dependencies in R code
Result: NOTE
    Namespaces in Imports field not imported from:
     ‘assertive.types’ ‘flexdashboard’ ‘rmarkdown’ ‘stats’ ‘stringr’
     ‘yaml’ ‘ymlthis’
     All declared Imports should be used.
Flavors: r-devel-linux-x86_64-fedora-clang, r-devel-linux-x86_64-fedora-gcc, r-patched-solaris-x86, r-release-macos-x86_64, r-oldrel-macos-x86_64

Version: 0.2.1
Check: package dependencies
Result: NOTE
    Package suggested but not available for checking: ‘BiocStyle’
Flavor: r-oldrel-macos-x86_64

Version: 0.2.1
Check: re-building of vignette outputs
Result: WARN
    Error(s) in re-building vignettes:
     ...
    --- re-building ‘i2dash-intro.Rmd’ using rmarkdown
    Warning in engine$weave(file, quiet = quiet, encoding = enc) :
     Pandoc (>= 1.12.3) and/or pandoc-citeproc not available. Falling back to R Markdown v1.
    Quitting from lines 2-25 (i2dash-intro.Rmd)
    Error: processing vignette 'i2dash-intro.Rmd' failed with diagnostics:
    there is no package called 'BiocStyle'
    --- failed re-building ‘i2dash-intro.Rmd’
    
    SUMMARY: processing the following file failed:
     ‘i2dash-intro.Rmd’
    
    Error: Vignette re-building failed.
    Execution halted
Flavor: r-oldrel-macos-x86_64