CRAN Package Check Results for Package hypsoLoop

Last updated on 2025-01-19 06:48:24 CET.

Flavor Version Tinstall Tcheck Ttotal Status Flags
r-devel-linux-x86_64-debian-clang 0.2.0 30.87 233.99 264.86 NOTE
r-devel-linux-x86_64-debian-gcc 0.2.0 18.95 143.20 162.15 NOTE
r-devel-linux-x86_64-fedora-clang 0.2.0 451.34 OK
r-devel-linux-x86_64-fedora-gcc 0.2.0 422.16 OK
r-devel-windows-x86_64 0.2.0 28.00 177.00 205.00 NOTE
r-patched-linux-x86_64 0.2.0 33.58 211.08 244.66 OK
r-release-linux-x86_64 0.2.0 28.56 210.32 238.88 OK
r-release-macos-arm64 0.2.0 106.00 OK
r-release-macos-x86_64 0.2.0 158.00 OK
r-release-windows-x86_64 0.2.0 28.00 177.00 205.00 OK
r-oldrel-macos-arm64 0.2.0 120.00 OK
r-oldrel-macos-x86_64 0.2.0 208.00 OK
r-oldrel-windows-x86_64 0.2.0 37.00 241.00 278.00 OK

Check Details

Version: 0.2.0
Check: Rd cross-references
Result: NOTE Found the following Rd file(s) with Rd \link{} targets missing package anchors: calc_areas.Rd: area, values generateHypsoTables.Rd: crop, mask, classify Please provide package anchors for all Rd \link{} targets not in the package itself and the base packages. Flavors: r-devel-linux-x86_64-debian-clang, r-devel-linux-x86_64-debian-gcc, r-devel-windows-x86_64