Last updated on 2024-04-23 21:54:47 CEST.
Flavor | Version | Tinstall | Tcheck | Ttotal | Status | Flags |
---|---|---|---|---|---|---|
r-devel-linux-x86_64-debian-clang | 3.1.3 | 88.00 | 419.33 | 507.33 | NOTE | |
r-devel-linux-x86_64-debian-gcc | 3.1.3 | 70.61 | 295.13 | 365.74 | NOTE | |
r-devel-linux-x86_64-fedora-clang | 3.1.3 | 632.74 | NOTE | |||
r-devel-linux-x86_64-fedora-gcc | 3.1.3 | 614.63 | NOTE | |||
r-prerel-macos-arm64 | 3.1.3 | 144.00 | NOTE | |||
r-prerel-windows-x86_64 | 3.1.3 | 69.00 | 293.00 | 362.00 | NOTE | |
r-patched-linux-x86_64 | 3.1.3 | 79.34 | 240.89 | 320.23 | NOTE | |
r-release-linux-x86_64 | 3.1.3 | 69.38 | 401.84 | 471.22 | OK | |
r-release-macos-arm64 | 3.1.3 | 187.00 | NOTE | |||
r-release-macos-x86_64 | 3.1.3 | 304.00 | NOTE | |||
r-release-windows-x86_64 | 3.1.3 | 87.00 | 395.00 | 482.00 | OK | |
r-oldrel-macos-arm64 | 3.1.3 | 137.00 | NOTE | |||
r-oldrel-windows-x86_64 | 3.1.3 | 90.00 | 387.00 | 477.00 | OK |
Version: 3.1.3
Check: Rd files
Result: NOTE
checkRd: (-1) hypervolume_set.Rd:42: Lost braces; missing escapes or markup?
42 | By default, the function uses \code{check.memory=TRUE} which will provide an estimate of the computational cost of the set operations. The function should then be re-run with {check_memory=FALSE} if the cost is acceptable. This algorithm's memory and time cost scale quadratically with the number of input points, so large datasets can have disproportionately high costs. This error-checking is intended to prevent the user from large accidental memory allocation.
| ^
Flavors: r-devel-linux-x86_64-debian-clang, r-devel-linux-x86_64-debian-gcc, r-devel-linux-x86_64-fedora-clang, r-devel-linux-x86_64-fedora-gcc, r-prerel-macos-arm64, r-prerel-windows-x86_64, r-patched-linux-x86_64
Version: 3.1.3
Check: package dependencies
Result: NOTE
Imports includes 22 non-default packages.
Importing from so many packages makes the package vulnerable to any of
them becoming unavailable. Move as many as possible to Suggests and
use conditionally.
Flavor: r-devel-linux-x86_64-fedora-clang
Version: 3.1.3
Check: dependencies in R code
Result: NOTE
Namespace in Imports field not imported from: ‘raster’
All declared Imports should be used.
Flavors: r-devel-linux-x86_64-fedora-clang, r-devel-linux-x86_64-fedora-gcc
Version: 3.1.3
Check: installed package size
Result: NOTE
installed size is 5.8Mb
sub-directories of 1Mb or more:
doc 2.8Mb
libs 1.8Mb
Flavors: r-prerel-macos-arm64, r-release-macos-arm64, r-release-macos-x86_64, r-oldrel-macos-arm64