Last updated on 2023-03-31 12:54:14 CEST.
Flavor | Version | Tinstall | Tcheck | Ttotal | Status | Flags |
---|---|---|---|---|---|---|
r-devel-linux-x86_64-debian-clang | 3.1.0 | 96.34 | 525.72 | 622.06 | NOTE | |
r-devel-linux-x86_64-debian-gcc | 3.1.0 | 66.32 | 389.59 | 455.91 | NOTE | |
r-devel-linux-x86_64-fedora-clang | 3.1.0 | 759.97 | NOTE | |||
r-devel-linux-x86_64-fedora-gcc | 3.1.0 | 748.39 | NOTE | |||
r-devel-windows-x86_64 | 3.1.0 | 156.00 | 0.00 | 156.00 | NOTE | |
r-patched-linux-x86_64 | 3.1.0 | 79.44 | 489.40 | 568.84 | NOTE | |
r-release-linux-x86_64 | 3.1.0 | 71.75 | 480.32 | 552.07 | OK | |
r-release-macos-arm64 | 3.1.0 | 226.00 | OK | |||
r-release-macos-x86_64 | 3.1.0 | 262.00 | OK | |||
r-release-windows-x86_64 | 3.1.0 | 119.00 | 587.00 | 706.00 | OK | |
r-oldrel-macos-arm64 | 3.1.0 | 205.00 | OK | |||
r-oldrel-macos-x86_64 | 3.1.0 | 248.00 | OK | |||
r-oldrel-windows-ix86+x86_64 | 3.1.0 | 200.00 | 763.00 | 963.00 | OK |
Version: 3.1.0
Check: C++ specification
Result: NOTE
Specified C++11: please drop specification unless essential
Flavors: r-devel-linux-x86_64-debian-clang, r-devel-linux-x86_64-debian-gcc, r-devel-linux-x86_64-fedora-clang, r-devel-linux-x86_64-fedora-gcc, r-devel-windows-x86_64, r-patched-linux-x86_64
Version: 3.1.0
Check: package dependencies
Result: NOTE
Imports includes 22 non-default packages.
Importing from so many packages makes the package vulnerable to any of
them becoming unavailable. Move as many as possible to Suggests and
use conditionally.
Flavor: r-devel-linux-x86_64-fedora-clang