CRAN Package Check Results for Package hypergeo

Last updated on 2024-07-15 11:55:17 CEST.

Flavor Version Tinstall Tcheck Ttotal Status Flags
r-devel-linux-x86_64-debian-clang 1.2-13 5.89 41.25 47.14 OK
r-devel-linux-x86_64-debian-gcc 1.2-13 4.24 41.31 45.55 OK
r-devel-linux-x86_64-fedora-clang 1.2-13 75.53 OK
r-devel-linux-x86_64-fedora-gcc 1.2-13 83.54 OK
r-devel-windows-x86_64 1.2-13 6.00 87.00 93.00 NOTE
r-patched-linux-x86_64 1.2-13 7.81 43.84 51.65 OK
r-release-linux-x86_64 1.2-13 5.74 40.31 46.05 OK
r-release-macos-arm64 1.2-13 34.00 OK
r-release-macos-x86_64 1.2-13 50.00 OK
r-release-windows-x86_64 1.2-13 6.00 87.00 93.00 OK
r-oldrel-macos-arm64 1.2-13 37.00 OK
r-oldrel-macos-x86_64 1.2-13 49.00 NOTE
r-oldrel-windows-x86_64 1.2-13 6.00 87.00 93.00 OK

Check Details

Version: 1.2-13
Check: Rd cross-references
Result: NOTE Found the following Rd file(s) with Rd \link{} targets missing package anchors: buhring.Rd: residue Please provide package anchors for all Rd \link{} targets not in the package itself and the base packages. Flavor: r-devel-windows-x86_64

Version: 1.2-13
Check: re-building of vignette outputs
Result: NOTE Error(s) in re-building vignettes: --- re-building ‘hypergeometric.Rnw’ using Sweave Loading required package: hypergeo Loading required package: elliptic Attaching package: ‘elliptic’ The following objects are masked from ‘package:stats’: sd, sigma The following object is masked from ‘package:base’: is.primitive Error: processing vignette 'hypergeometric.Rnw' failed with diagnostics: Running 'texi2dvi' on 'hypergeometric.tex' failed. LaTeX errors: ! LaTeX Error: File `dsfont.sty' not found. Type X to quit or <RETURN> to proceed, or enter new name. (Default extension: sty) ! Emergency stop. <read *> l.4 \usepackage {bbm}^^M ! ==> Fatal error occurred, no output PDF file produced! --- failed re-building ‘hypergeometric.Rnw’ SUMMARY: processing the following file failed: ‘hypergeometric.Rnw’ Error: Vignette re-building failed. Execution halted Flavor: r-oldrel-macos-x86_64