CRAN Package Check Results for Package hypergate

Last updated on 2020-07-03 03:47:10 CEST.

Flavor Version Tinstall Tcheck Ttotal Status Flags
r-devel-linux-x86_64-debian-clang 0.8.3 3.10 49.86 52.96 OK
r-devel-linux-x86_64-debian-gcc 0.8.3 2.64 37.96 40.60 OK
r-devel-linux-x86_64-fedora-clang 0.8.3 71.15 OK
r-devel-linux-x86_64-fedora-gcc 0.8.3 60.71 OK
r-devel-windows-ix86+x86_64 0.8.3 12.00 82.00 94.00 OK
r-patched-linux-x86_64 0.8.3 3.06 49.50 52.56 OK
r-patched-solaris-x86 0.8.3 88.30 NOTE
r-release-linux-x86_64 0.8.3 3.40 49.28 52.68 OK
r-release-osx-x86_64 0.8.3 OK
r-release-windows-ix86+x86_64 0.8.3 7.00 59.00 66.00 OK
r-oldrel-osx-x86_64 0.8.3 OK
r-oldrel-windows-ix86+x86_64 0.8.3 6.00 81.00 87.00 OK

Check Details

Version: 0.8.3
Check: package dependencies
Result: NOTE
    Package suggested but not available for checking: ‘flowCore’
Flavor: r-patched-solaris-x86