Last updated on 2023-06-08 05:58:11 CEST.
Flavor | Version | Tinstall | Tcheck | Ttotal | Status | Flags |
---|---|---|---|---|---|---|
r-devel-linux-x86_64-debian-clang | 1.0 | 27.07 | 321.31 | 348.38 | OK | |
r-devel-linux-x86_64-debian-gcc | 1.0 | 26.84 | 232.81 | 259.65 | OK | |
r-devel-linux-x86_64-fedora-clang | 1.0 | 466.73 | NOTE | |||
r-devel-linux-x86_64-fedora-gcc | 1.0 | 414.86 | OK | |||
r-devel-windows-x86_64 | 1.0 | 28.00 | 201.00 | 229.00 | NOTE | |
r-patched-linux-x86_64 | 1.0 | 32.88 | 303.86 | 336.74 | OK | |
r-release-linux-x86_64 | 1.0 | 29.09 | 303.14 | 332.23 | OK | |
r-release-macos-arm64 | 1.0 | 96.00 | NOTE | |||
r-release-macos-x86_64 | 1.0 | 195.00 | NOTE | |||
r-release-windows-x86_64 | 1.0 | 39.00 | 272.00 | 311.00 | NOTE | |
r-oldrel-macos-arm64 | 1.0 | 63.00 | NOTE | |||
r-oldrel-macos-x86_64 | 1.0 | 144.00 | NOTE | |||
r-oldrel-windows-x86_64 | 1.0 | 36.00 | 258.00 | 294.00 | NOTE |
Version: 1.0
Check: installed package size
Result: NOTE
installed size is 6.3Mb
sub-directories of 1Mb or more:
exdata 6.1Mb
Flavors: r-devel-linux-x86_64-fedora-clang, r-devel-windows-x86_64, r-release-macos-arm64, r-release-macos-x86_64, r-release-windows-x86_64, r-oldrel-macos-arm64, r-oldrel-macos-x86_64, r-oldrel-windows-x86_64