Last updated on 2024-04-18 06:09:49 CEST.
Flavor | Version | Tinstall | Tcheck | Ttotal | Status | Flags |
---|---|---|---|---|---|---|
r-devel-linux-x86_64-debian-clang | 1.4.6 | 10.67 | 93.89 | 104.56 | NOTE | |
r-devel-linux-x86_64-debian-gcc | 1.4.6 | 10.92 | 102.25 | 113.17 | NOTE | |
r-devel-linux-x86_64-fedora-clang | 1.4.6 | 187.40 | NOTE | |||
r-devel-linux-x86_64-fedora-gcc | 1.4.6 | 192.17 | NOTE | |||
r-prerel-macos-arm64 | 1.4.6 | 58.00 | NOTE | |||
r-prerel-windows-x86_64 | 1.4.6 | 14.00 | 123.00 | 137.00 | NOTE | |
r-patched-linux-x86_64 | 1.4.6 | 10.97 | 87.02 | 97.99 | NOTE | |
r-release-linux-x86_64 | 1.4.6 | 10.91 | 82.40 | 93.31 | OK | |
r-release-macos-arm64 | 1.4.6 | 62.00 | OK | |||
r-release-macos-x86_64 | 1.4.6 | 90.00 | OK | |||
r-release-windows-x86_64 | 1.4.6 | 17.00 | 146.00 | 163.00 | OK | |
r-oldrel-macos-arm64 | 1.4.6 | 56.00 | OK | |||
r-oldrel-windows-x86_64 | 1.4.6 | 18.00 | 148.00 | 166.00 | OK |
Version: 1.4.6
Check: Rd files
Result: NOTE
checkRd: (-1) extractPeriod.Rd:57: Lost braces
57 | NOTE: all the dates in the datalist should follow the format in ?as.Date{base}.
| ^
Flavors: r-devel-linux-x86_64-debian-clang, r-devel-linux-x86_64-debian-gcc, r-devel-linux-x86_64-fedora-clang, r-devel-linux-x86_64-fedora-gcc, r-prerel-macos-arm64, r-prerel-windows-x86_64, r-patched-linux-x86_64