Last updated on 2024-03-29 12:54:07 CET.
Flavor | Version | Tinstall | Tcheck | Ttotal | Status | Flags |
---|---|---|---|---|---|---|
r-devel-linux-x86_64-debian-clang | 1.1.2 | 111.21 | 117.11 | 228.32 | OK | |
r-devel-linux-x86_64-debian-gcc | 1.1.2 | 80.23 | 142.82 | 223.05 | OK | |
r-devel-linux-x86_64-fedora-clang | 1.1.2 | 398.96 | NOTE | |||
r-devel-linux-x86_64-fedora-gcc | 1.1.2 | 413.08 | OK | |||
r-devel-windows-x86_64 | 1.1.2 | 79.00 | 180.00 | 259.00 | NOTE | |
r-patched-linux-x86_64 | 1.1.2 | 80.83 | 119.17 | 200.00 | OK | |
r-release-linux-x86_64 | 1.1.2 | 73.50 | 113.99 | 187.49 | OK | |
r-release-macos-arm64 | 1.1.2 | 122.00 | NOTE | |||
r-release-macos-x86_64 | 1.1.2 | 179.00 | NOTE | |||
r-release-windows-x86_64 | 1.1.2 | 102.00 | 226.00 | 328.00 | NOTE | |
r-oldrel-macos-arm64 | 1.1.2 | 91.00 | NOTE | |||
r-oldrel-windows-x86_64 | 1.1.2 | 95.00 | 211.00 | 306.00 | NOTE |
Version: 1.1.2
Check: installed package size
Result: NOTE
installed size is 6.5Mb
sub-directories of 1Mb or more:
extdata 5.5Mb
Flavors: r-devel-linux-x86_64-fedora-clang, r-devel-windows-x86_64, r-release-macos-arm64, r-release-macos-x86_64, r-release-windows-x86_64, r-oldrel-macos-arm64, r-oldrel-windows-x86_64