CRAN Package Check Results for Package hydroToolkit

Last updated on 2020-08-08 12:49:04 CEST.

Flavor Version Tinstall Tcheck Ttotal Status Flags
r-devel-linux-x86_64-debian-clang 0.1.0 18.05 150.83 168.88 OK
r-devel-linux-x86_64-debian-gcc 0.1.0 12.25 109.45 121.70 OK
r-devel-linux-x86_64-fedora-clang 0.1.0 205.41 NOTE
r-devel-linux-x86_64-fedora-gcc 0.1.0 194.93 OK
r-devel-windows-ix86+x86_64 0.1.0 27.00 215.00 242.00 NOTE
r-patched-linux-x86_64 0.1.0 16.50 147.66 164.16 OK
r-patched-solaris-x86 0.1.0 255.40 NOTE
r-release-linux-x86_64 0.1.0 14.60 148.06 162.66 OK
r-release-macos-x86_64 0.1.0 NOTE
r-release-windows-ix86+x86_64 0.1.0 41.00 206.00 247.00 NOTE
r-oldrel-macos-x86_64 0.1.0 NOTE
r-oldrel-windows-ix86+x86_64 0.1.0 24.00 160.00 184.00 NOTE

Check Details

Version: 0.1.0
Check: installed package size
Result: NOTE
     installed size is 5.3Mb
     sub-directories of 1Mb or more:
     extdata 4.8Mb
Flavors: r-devel-linux-x86_64-fedora-clang, r-devel-windows-ix86+x86_64, r-patched-solaris-x86, r-release-macos-x86_64, r-release-windows-ix86+x86_64, r-oldrel-macos-x86_64, r-oldrel-windows-ix86+x86_64