Last updated on 2022-05-28 12:54:04 CEST.
Flavor | Version | Tinstall | Tcheck | Ttotal | Status | Flags |
---|---|---|---|---|---|---|
r-devel-linux-x86_64-debian-clang | 0.6-0 | 15.01 | 154.74 | 169.75 | OK | |
r-devel-linux-x86_64-debian-gcc | 0.6-0 | 11.79 | 115.33 | 127.12 | OK | |
r-devel-linux-x86_64-fedora-clang | 0.6-0 | 207.02 | NOTE | |||
r-devel-linux-x86_64-fedora-gcc | 0.6-0 | 193.79 | OK | |||
r-devel-windows-x86_64 | 0.6-0 | 49.00 | 238.00 | 287.00 | OK | |
r-patched-linux-x86_64 | 0.6-0 | 17.43 | 145.42 | 162.85 | OK | |
r-release-linux-x86_64 | 0.6-0 | 13.37 | 143.78 | 157.15 | OK | |
r-release-macos-arm64 | 0.6-0 | 49.00 | OK | |||
r-release-macos-x86_64 | 0.6-0 | 102.00 | OK | |||
r-release-windows-x86_64 | 0.6-0 | 66.00 | 225.00 | 291.00 | OK | |
r-oldrel-macos-arm64 | 0.6-0 | 58.00 | OK | |||
r-oldrel-macos-x86_64 | 0.6-0 | 92.00 | OK | |||
r-oldrel-windows-ix86+x86_64 | 0.6-0 | 41.00 | 211.00 | 252.00 | OK |
Version: 0.6-0
Check: Rd cross-references
Result: NOTE
Undeclared package ‘rgdal’ in Rd xrefs
Flavor: r-devel-linux-x86_64-fedora-clang