Last updated on 2023-03-26 05:51:12 CEST.
Flavor | Version | Tinstall | Tcheck | Ttotal | Status | Flags |
---|---|---|---|---|---|---|
r-devel-linux-x86_64-debian-clang | 0.5-1 | 25.09 | 165.37 | 190.46 | NOTE | |
r-devel-linux-x86_64-debian-gcc | 0.5-1 | 10.59 | 123.68 | 134.27 | NOTE | |
r-devel-linux-x86_64-fedora-clang | 0.5-1 | 235.46 | NOTE | |||
r-devel-linux-x86_64-fedora-gcc | 0.5-1 | 238.50 | NOTE | |||
r-patched-linux-x86_64 | 0.5-1 | 25.04 | 161.70 | 186.74 | NOTE | |
r-release-linux-x86_64 | 0.5-1 | 15.95 | 156.11 | 172.06 | OK | |
r-release-macos-arm64 | 0.5-1 | 71.00 | OK | |||
r-release-macos-x86_64 | 0.5-1 | 119.00 | OK | |||
r-release-windows-x86_64 | 0.5-1 | 35.00 | 241.00 | 276.00 | OK | |
r-oldrel-macos-arm64 | 0.5-1 | 118.00 | OK | |||
r-oldrel-macos-x86_64 | 0.5-1 | 165.00 | OK | |||
r-oldrel-windows-ix86+x86_64 | 0.5-1 | 56.00 | 225.00 | 281.00 | OK |
Version: 0.5-1
Check: Rd files
Result: NOTE
checkRd: (-1) Trancura9414001.Rd:27: Escaped LaTeX specials: \_
checkRd: (-1) Trancura9414001.Rd:28: Escaped LaTeX specials: \_
checkRd: (-1) hydroPSO.Rd:390: Escaped LaTeX specials: \&
checkRd: (-1) hydroPSO.Rd:408: Escaped LaTeX specials: \&
Flavors: r-devel-linux-x86_64-debian-clang, r-devel-linux-x86_64-debian-gcc, r-devel-linux-x86_64-fedora-clang, r-devel-linux-x86_64-fedora-gcc, r-patched-linux-x86_64