CRAN Package Check Results for Package hunspell

Last updated on 2022-05-17 03:55:04 CEST.

Flavor Version Tinstall Tcheck Ttotal Status Flags
r-devel-linux-x86_64-debian-clang 3.0.1 67.73 55.26 122.99 OK
r-devel-linux-x86_64-debian-gcc 3.0.1 55.14 47.92 103.06 OK
r-devel-linux-x86_64-fedora-clang 3.0.1 185.64 NOTE
r-devel-linux-x86_64-fedora-gcc 3.0.1 164.00 OK
r-devel-windows-x86_64 3.0.1 83.00 118.00 201.00 OK
r-patched-linux-x86_64 3.0.1 60.25 61.07 121.32 OK
r-release-linux-x86_64 3.0.1 62.56 60.83 123.39 OK
r-release-macos-arm64 3.0.1 57.00 NOTE
r-release-macos-x86_64 3.0.1 72.00 NOTE
r-release-windows-x86_64 3.0.1 70.00 117.00 187.00 OK
r-oldrel-macos-arm64 3.0.1 66.00 NOTE
r-oldrel-macos-x86_64 3.0.1 110.00 NOTE
r-oldrel-windows-ix86+x86_64 3.0.1 157.00 133.00 290.00 NOTE

Check Details

Version: 3.0.1
Check: installed package size
Result: NOTE
     installed size is 6.5Mb
     sub-directories of 1Mb or more:
     dict 1.5Mb
     doc 1.2Mb
     libs 3.7Mb
Flavors: r-devel-linux-x86_64-fedora-clang, r-release-macos-arm64, r-release-macos-x86_64, r-oldrel-macos-arm64, r-oldrel-macos-x86_64, r-oldrel-windows-ix86+x86_64

Version: 3.0.1
Check: package dependencies
Result: NOTE
    Package suggested but not available for checking: ‘pdftools’
Flavor: r-release-macos-x86_64