CRAN Package Check Results for Package httpuv

Last updated on 2020-05-26 03:48:22 CEST.

Flavor Version Tinstall Tcheck Ttotal Status Flags
r-devel-linux-x86_64-debian-clang 1.5.2 271.78 35.98 307.76 ERROR
r-devel-linux-x86_64-debian-gcc 1.5.2 196.13 28.89 225.02 NOTE
r-devel-linux-x86_64-fedora-clang 1.5.2 428.17 NOTE
r-devel-linux-x86_64-fedora-gcc 1.5.2 388.54 NOTE
r-devel-windows-ix86+x86_64 1.5.2 745.00 95.00 840.00 NOTE
r-patched-linux-x86_64 1.5.2 215.15 35.89 251.04 NOTE
r-patched-solaris-x86 1.5.2 316.40 NOTE
r-release-linux-x86_64 1.5.2 208.91 35.62 244.53 NOTE
r-release-osx-x86_64 1.5.2 NOTE
r-release-windows-ix86+x86_64 1.5.2 529.00 114.00 643.00 NOTE
r-oldrel-osx-x86_64 1.5.2 NOTE
r-oldrel-windows-ix86+x86_64 1.5.2 502.00 99.00 601.00 NOTE

Check Details

Version: 1.5.2
Check: for GNU extensions in Makefiles
Result: NOTE
    GNU make is a SystemRequirements.
Flavors: r-devel-linux-x86_64-debian-clang, r-devel-linux-x86_64-debian-gcc, r-devel-linux-x86_64-fedora-clang, r-devel-linux-x86_64-fedora-gcc, r-devel-windows-ix86+x86_64, r-patched-linux-x86_64, r-patched-solaris-x86, r-release-linux-x86_64, r-release-osx-x86_64, r-release-windows-ix86+x86_64, r-oldrel-osx-x86_64, r-oldrel-windows-ix86+x86_64

Version: 1.5.2
Check: tests
Result: ERROR
     Running 'testthat.R' [6s/7s]
    Running the tests in 'tests/testthat.R' failed.
    Complete output:
     > library(testthat)
     > library(httpuv)
     >
     > test_check("httpuv")
     -- 1. Failure: Paths with non-ASCII characters (@test-static-paths.R#796) -----
     r$status_code not identical to 200L.
     1/1 mismatches
     [1] 404 - 200 == 204
    
     -- 2. Failure: Paths with non-ASCII characters (@test-static-paths.R#797) -----
     r$content not identical to `file_content`.
     Lengths (14, 13) differ (comparison on first 13 components)
     13 element mismatches
    
     -- 3. Failure: Paths with non-ASCII characters (@test-static-paths.R#801) -----
     r$status_code not identical to 200L.
     1/1 mismatches
     [1] 404 - 200 == 204
    
     -- 4. Failure: Paths with non-ASCII characters (@test-static-paths.R#802) -----
     r$content not identical to `file_content`.
     Lengths (14, 13) differ (comparison on first 13 components)
     13 element mismatches
    
     == testthat results ===========================================================
     [ OK: 204 | SKIPPED: 8 | WARNINGS: 0 | FAILED: 4 ]
     1. Failure: Paths with non-ASCII characters (@test-static-paths.R#796)
     2. Failure: Paths with non-ASCII characters (@test-static-paths.R#797)
     3. Failure: Paths with non-ASCII characters (@test-static-paths.R#801)
     4. Failure: Paths with non-ASCII characters (@test-static-paths.R#802)
    
     Error: testthat unit tests failed
     Execution halted
Flavor: r-devel-linux-x86_64-debian-clang

Version: 1.5.2
Check: installed package size
Result: NOTE
     installed size is 10.8Mb
     sub-directories of 1Mb or more:
     libs 10.4Mb
Flavors: r-devel-linux-x86_64-fedora-clang, r-release-osx-x86_64, r-oldrel-osx-x86_64