Last updated on 2023-04-01 21:54:09 CEST.
Flavor | Version | Tinstall | Tcheck | Ttotal | Status | Flags |
---|---|---|---|---|---|---|
r-devel-linux-x86_64-debian-clang | 1.3.1 | 205.88 | 51.35 | 257.23 | OK | |
r-devel-linux-x86_64-debian-gcc | 1.3.1 | 184.15 | 40.42 | 224.57 | OK | |
r-devel-linux-x86_64-fedora-clang | 1.3.1 | 369.83 | OK | |||
r-devel-linux-x86_64-fedora-gcc | 1.3.1 | 393.18 | OK | |||
r-devel-windows-x86_64 | 1.3.1 | 256.00 | 187.00 | 443.00 | NOTE | |
r-patched-linux-x86_64 | 1.3.1 | 196.34 | 50.28 | 246.62 | OK | |
r-release-linux-x86_64 | 1.3.1 | 181.72 | 50.74 | 232.46 | OK | |
r-release-macos-arm64 | 1.3.1 | 103.00 | NOTE | |||
r-release-macos-x86_64 | 1.3.1 | 129.00 | NOTE | |||
r-release-windows-x86_64 | 1.3.1 | 283.00 | 180.00 | 463.00 | NOTE | |
r-oldrel-macos-arm64 | 1.3.1 | 99.00 | NOTE | |||
r-oldrel-macos-x86_64 | 1.3.1 | 159.00 | NOTE | |||
r-oldrel-windows-ix86+x86_64 | 1.3.1 | 513.00 | 137.00 | 650.00 | NOTE |
Version: 1.3.1
Check: installed package size
Result: NOTE
installed size is 8.3Mb
sub-directories of 1Mb or more:
libs 7.7Mb
Flavors: r-devel-windows-x86_64, r-release-macos-arm64, r-release-macos-x86_64, r-release-windows-x86_64, r-oldrel-macos-arm64, r-oldrel-macos-x86_64, r-oldrel-windows-ix86+x86_64