CRAN Package Check Results for Package htmltools

Last updated on 2025-04-23 06:49:37 CEST.

Flavor Version Tinstall Tcheck Ttotal Status Flags
r-devel-linux-x86_64-debian-clang 0.5.8.1 6.78 74.85 81.63 NOTE
r-devel-linux-x86_64-debian-gcc 0.5.8.1 5.06 49.55 54.61 NOTE
r-devel-linux-x86_64-fedora-clang 0.5.8.1 125.66 NOTE
r-devel-linux-x86_64-fedora-gcc 0.5.8.1 120.63 NOTE
r-devel-windows-x86_64 0.5.8.1 13.00 101.00 114.00 NOTE
r-patched-linux-x86_64 0.5.8.1 7.93 71.79 79.72 NOTE
r-release-linux-x86_64 0.5.8.1 7.27 71.07 78.34 NOTE
r-release-macos-arm64 0.5.8.1 38.00 NOTE
r-release-macos-x86_64 0.5.8.1 66.00 NOTE
r-release-windows-x86_64 0.5.8.1 13.00 99.00 112.00 NOTE
r-oldrel-macos-arm64 0.5.8.1 35.00 OK
r-oldrel-macos-x86_64 0.5.8.1 56.00 OK
r-oldrel-windows-x86_64 0.5.8.1 14.00 125.00 139.00 OK

Check Details

Version: 0.5.8.1
Check: compiled code
Result: NOTE File ‘htmltools/libs/htmltools.so’: Found non-API calls to R: ‘SETLENGTH’, ‘SET_TRUELENGTH’ Compiled code should not call non-API entry points in R. See ‘Writing portable packages’ in the ‘Writing R Extensions’ manual, and section ‘Moving into C API compliance’ for issues with the use of non-API entry points. Flavors: r-devel-linux-x86_64-debian-clang, r-devel-linux-x86_64-debian-gcc, r-devel-linux-x86_64-fedora-clang, r-devel-linux-x86_64-fedora-gcc, r-patched-linux-x86_64, r-release-linux-x86_64, r-release-macos-arm64, r-release-macos-x86_64

Version: 0.5.8.1
Check: compiled code
Result: NOTE File 'htmltools/libs/x64/htmltools.dll': Found non-API calls to R: 'SETLENGTH', 'SET_TRUELENGTH' Compiled code should not call non-API entry points in R. See 'Writing portable packages' in the 'Writing R Extensions' manual, and section 'Moving into C API compliance' for issues with the use of non-API entry points. Flavors: r-devel-windows-x86_64, r-release-windows-x86_64