CRAN Package Check Results for Package htmltidy

Last updated on 2021-03-08 06:47:35 CET.

Flavor Version Tinstall Tcheck Ttotal Status Flags
r-devel-linux-x86_64-debian-clang 0.5.0 49.78 38.26 88.04 OK
r-devel-linux-x86_64-debian-gcc 0.5.0 34.19 29.87 64.06 OK
r-devel-linux-x86_64-fedora-clang 0.5.0 133.24 NOTE
r-devel-linux-x86_64-fedora-gcc 0.5.0 109.47 OK
r-devel-windows-ix86+x86_64 0.5.0 140.00 98.00 238.00 NOTE
r-devel-windows-x86_64-gcc10-UCRT 0.5.0 OK
r-patched-linux-x86_64 0.5.0 39.88 36.65 76.53 OK
r-patched-solaris-x86 0.5.0 117.40 OK
r-release-linux-x86_64 0.5.0 42.16 37.11 79.27 OK
r-release-macos-x86_64 0.5.0 OK
r-release-windows-ix86+x86_64 0.5.0 119.00 75.00 194.00 NOTE
r-oldrel-macos-x86_64 0.5.0 OK
r-oldrel-windows-ix86+x86_64 0.5.0 104.00 66.00 170.00 OK

Check Details

Version: 0.5.0
Check: installed package size
Result: NOTE
     installed size is 5.1Mb
     sub-directories of 1Mb or more:
     htmlwidgets 1.9Mb
     libs 2.9Mb
Flavors: r-devel-linux-x86_64-fedora-clang, r-devel-windows-ix86+x86_64, r-release-windows-ix86+x86_64