Last updated on 2022-05-28 12:54:04 CEST.
Flavor | Version | Tinstall | Tcheck | Ttotal | Status | Flags |
---|---|---|---|---|---|---|
r-devel-linux-x86_64-debian-clang | 0.8.1 | 443.73 | 152.28 | 596.01 | OK | |
r-devel-linux-x86_64-debian-gcc | 0.8.1 | 425.09 | 132.40 | 557.49 | OK | |
r-devel-linux-x86_64-fedora-clang | 0.8.1 | 884.61 | NOTE | |||
r-devel-linux-x86_64-fedora-gcc | 0.8.1 | 899.54 | NOTE | |||
r-devel-windows-x86_64 | 0.8.1 | 293.00 | 269.00 | 562.00 | OK | |
r-patched-linux-x86_64 | 0.8.1 | 337.32 | 171.48 | 508.80 | OK | |
r-release-linux-x86_64 | 0.8.1 | 331.78 | 167.59 | 499.37 | OK | |
r-release-macos-arm64 | 0.8.1 | 203.00 | NOTE | |||
r-release-macos-x86_64 | 0.8.1 | 410.00 | NOTE | |||
r-release-windows-x86_64 | 0.8.1 | 298.00 | 278.00 | 576.00 | OK | |
r-oldrel-macos-arm64 | 0.8.1 | 189.00 | NOTE | |||
r-oldrel-macos-x86_64 | 0.8.1 | 248.00 | NOTE | |||
r-oldrel-windows-ix86+x86_64 | 0.8.1 | 1041.00 | 421.00 | 1462.00 | NOTE |
Version: 0.8.1
Check: installed package size
Result: NOTE
installed size is 49.0Mb
sub-directories of 1Mb or more:
libs 48.4Mb
Flavors: r-devel-linux-x86_64-fedora-clang, r-release-macos-arm64, r-release-macos-x86_64, r-oldrel-macos-arm64, r-oldrel-macos-x86_64, r-oldrel-windows-ix86+x86_64
Version: 0.8.1
Check: dependencies in R code
Result: NOTE
Namespace in Imports field not imported from: ‘RcppParallel’
All declared Imports should be used.
Flavors: r-devel-linux-x86_64-fedora-clang, r-devel-linux-x86_64-fedora-gcc, r-release-macos-arm64, r-release-macos-x86_64, r-oldrel-macos-arm64, r-oldrel-macos-x86_64
Version: 0.8.1
Check: for GNU extensions in Makefiles
Result: NOTE
GNU make is a SystemRequirements.
Flavors: r-devel-linux-x86_64-fedora-clang, r-devel-linux-x86_64-fedora-gcc, r-release-macos-arm64, r-release-macos-x86_64, r-oldrel-macos-arm64, r-oldrel-macos-x86_64