Last updated on 2024-03-28 12:50:36 CET.
Flavor | Version | Tinstall | Tcheck | Ttotal | Status | Flags |
---|---|---|---|---|---|---|
r-devel-linux-x86_64-debian-clang | 0.8.2 | 567.38 | 187.09 | 754.47 | OK | |
r-devel-linux-x86_64-debian-gcc | 0.8.2 | 542.31 | 177.58 | 719.89 | OK | |
r-devel-linux-x86_64-fedora-clang | 0.8.2 | 963.04 | NOTE | |||
r-devel-linux-x86_64-fedora-gcc | 0.8.2 | 1283.84 | NOTE | |||
r-devel-windows-x86_64 | 0.8.2 | 451.00 | 239.00 | 690.00 | OK | |
r-patched-linux-x86_64 | 0.8.2 | 494.55 | 221.30 | 715.85 | OK | |
r-release-linux-x86_64 | 0.8.2 | 480.38 | 212.28 | 692.66 | OK | |
r-release-macos-arm64 | 0.8.2 | 212.00 | NOTE | |||
r-release-macos-x86_64 | 0.8.2 | 263.00 | NOTE | |||
r-release-windows-x86_64 | 0.8.2 | 575.00 | 299.00 | 874.00 | OK | |
r-oldrel-macos-arm64 | 0.8.2 | 209.00 | NOTE | |||
r-oldrel-windows-x86_64 | 0.8.2 | 569.00 | 299.00 | 868.00 | OK |
Version: 0.8.2
Check: installed package size
Result: NOTE
installed size is 5.3Mb
sub-directories of 1Mb or more:
libs 4.7Mb
Flavors: r-devel-linux-x86_64-fedora-clang, r-release-macos-arm64, r-release-macos-x86_64, r-oldrel-macos-arm64
Version: 0.8.2
Check: for GNU extensions in Makefiles
Result: NOTE
GNU make is a SystemRequirements.
Flavors: r-devel-linux-x86_64-fedora-clang, r-devel-linux-x86_64-fedora-gcc, r-release-macos-arm64, r-release-macos-x86_64, r-oldrel-macos-arm64