CRAN Package Check Results for Package homomorpheR

Last updated on 2024-07-12 21:50:00 CEST.

Flavor Version Tinstall Tcheck Ttotal Status Flags
r-devel-linux-x86_64-debian-clang 0.2-2 5.70 52.12 57.82 OK
r-devel-linux-x86_64-debian-gcc 0.2-2 3.37 38.27 41.64 OK
r-devel-linux-x86_64-fedora-clang 0.2-2 72.60 OK
r-devel-linux-x86_64-fedora-gcc 0.2-2 80.74 OK
r-devel-windows-x86_64 0.2-2 5.00 64.00 69.00 NOTE
r-patched-linux-x86_64 0.2-2 5.56 48.61 54.17 OK
r-release-linux-x86_64 0.2-2 4.38 50.00 54.38 OK
r-release-macos-arm64 0.2-2 31.00 OK
r-release-macos-x86_64 0.2-2 46.00 OK
r-release-windows-x86_64 0.2-2 5.00 62.00 67.00 OK
r-oldrel-macos-arm64 0.2-2 32.00 OK
r-oldrel-macos-x86_64 0.2-2 54.00 OK
r-oldrel-windows-x86_64 0.2-2 6.00 70.00 76.00 OK

Check Details

Version: 0.2-2
Check: Rd cross-references
Result: NOTE Found the following Rd file(s) with Rd \link{} targets missing package anchors: PaillierKeyPair.Rd: R6Class PaillierPrivateKey.Rd: R6Class PaillierPublicKey.Rd: R6Class Please provide package anchors for all Rd \link{} targets not in the package itself and the base packages. Flavor: r-devel-windows-x86_64