Last updated on 2024-04-23 21:54:47 CEST.
Flavor | Version | Tinstall | Tcheck | Ttotal | Status | Flags |
---|---|---|---|---|---|---|
r-devel-linux-x86_64-debian-clang | 1.0.2 | 232.33 | 316.39 | 548.72 | OK | |
r-devel-linux-x86_64-debian-gcc | 1.0.2 | 229.37 | 221.68 | 451.05 | OK | |
r-devel-linux-x86_64-fedora-clang | 1.0.2 | 663.82 | OK | |||
r-devel-linux-x86_64-fedora-gcc | 1.0.2 | 791.33 | OK | |||
r-prerel-macos-arm64 | 1.0.2 | 160.00 | NOTE | |||
r-prerel-windows-x86_64 | 1.0.2 | 178.00 | 228.00 | 406.00 | NOTE | |
r-patched-linux-x86_64 | 1.0.2 | 193.59 | 298.06 | 491.65 | OK | |
r-release-linux-x86_64 | 1.0.2 | 195.86 | 292.68 | 488.54 | OK | |
r-release-macos-arm64 | 1.0.2 | 161.00 | NOTE | |||
r-release-macos-x86_64 | 1.0.2 | 408.00 | NOTE | |||
r-release-windows-x86_64 | 1.0.2 | 225.00 | 306.00 | 531.00 | NOTE | |
r-oldrel-macos-arm64 | 1.0.2 | 170.00 | NOTE | |||
r-oldrel-windows-x86_64 | 1.0.2 | 221.00 | 293.00 | 514.00 | NOTE |
Version: 1.0.2
Check: installed package size
Result: NOTE
installed size is 95.3Mb
sub-directories of 1Mb or more:
libs 93.8Mb
Flavors: r-prerel-macos-arm64, r-prerel-windows-x86_64, r-release-macos-arm64, r-release-macos-x86_64, r-release-windows-x86_64, r-oldrel-macos-arm64, r-oldrel-windows-x86_64