Last updated on 2024-04-19 06:03:19 CEST.
Flavor | Version | Tinstall | Tcheck | Ttotal | Status | Flags |
---|---|---|---|---|---|---|
r-devel-linux-x86_64-debian-clang | 3.0-9 | 11.30 | 68.32 | 79.62 | NOTE | |
r-devel-linux-x86_64-debian-gcc | 3.0-9 | NOTE | ||||
r-devel-linux-x86_64-fedora-clang | 3.0-9 | 94.68 | NOTE | |||
r-devel-linux-x86_64-fedora-gcc | 3.0-9 | 89.68 | NOTE | |||
r-prerel-macos-arm64 | 3.0-9 | 26.00 | NOTE | |||
r-prerel-windows-x86_64 | 3.0-9 | 14.00 | 75.00 | 89.00 | NOTE | |
r-patched-linux-x86_64 | 3.0-9 | 11.12 | 62.49 | 73.61 | NOTE | |
r-release-linux-x86_64 | 3.0-9 | 10.72 | 63.42 | 74.14 | OK | |
r-release-macos-arm64 | 3.0-9 | 31.00 | OK | |||
r-release-macos-x86_64 | 3.0-9 | 50.00 | OK | |||
r-release-windows-x86_64 | 3.0-9 | 12.00 | 82.00 | 94.00 | OK | |
r-oldrel-macos-arm64 | 3.0-9 | 30.00 | OK | |||
r-oldrel-windows-x86_64 | 3.0-9 | 16.00 | 83.00 | 99.00 | OK |
Version: 3.0-9
Check: Rd files
Result: NOTE
checkRd: (-1) nafracCalc.Rd:45: Lost braces
45 | as if code{y} were not of class \code{"multipleHmmDataSets"}.
| ^
Flavors: r-devel-linux-x86_64-debian-clang, r-devel-linux-x86_64-debian-gcc, r-devel-linux-x86_64-fedora-clang, r-devel-linux-x86_64-fedora-gcc, r-prerel-macos-arm64, r-prerel-windows-x86_64, r-patched-linux-x86_64