Last updated on 2022-05-28 21:50:42 CEST.
Flavor | Version | Tinstall | Tcheck | Ttotal | Status | Flags |
---|---|---|---|---|---|---|
r-devel-linux-x86_64-debian-clang | 0.0.1 | 27.33 | 100.56 | 127.89 | WARN | |
r-devel-linux-x86_64-debian-gcc | 0.0.1 | 22.92 | 75.40 | 98.32 | NOTE | |
r-devel-linux-x86_64-fedora-clang | 0.0.1 | 157.71 | WARN | |||
r-devel-linux-x86_64-fedora-gcc | 0.0.1 | 151.44 | NOTE | |||
r-devel-windows-x86_64 | 0.0.1 | 31.00 | 133.00 | 164.00 | NOTE | |
r-patched-linux-x86_64 | 0.0.1 | 23.29 | 97.84 | 121.13 | NOTE | |
r-release-linux-x86_64 | 0.0.1 | 23.80 | 95.46 | 119.26 | NOTE | |
r-release-macos-arm64 | 0.0.1 | 45.00 | NOTE | |||
r-release-macos-x86_64 | 0.0.1 | 59.00 | NOTE | |||
r-release-windows-x86_64 | 0.0.1 | 34.00 | 137.00 | 171.00 | NOTE | |
r-oldrel-macos-arm64 | 0.0.1 | 52.00 | NOTE | |||
r-oldrel-macos-x86_64 | 0.0.1 | 70.00 | NOTE | |||
r-oldrel-windows-ix86+x86_64 | 0.0.1 | 66.00 | 148.00 | 214.00 | NOTE |
Version: 0.0.1
Check: whether package can be installed
Result: WARN
Found the following significant warnings:
cda.cpp:29:13: warning: use of bitwise '&' with boolean operands [-Wbitwise-instead-of-logical]
Flavors: r-devel-linux-x86_64-debian-clang, r-devel-linux-x86_64-fedora-clang
Version: 0.0.1
Check: LazyData
Result: NOTE
'LazyData' is specified without a 'data' directory
Flavors: r-devel-linux-x86_64-debian-clang, r-devel-linux-x86_64-debian-gcc, r-devel-linux-x86_64-fedora-clang, r-devel-linux-x86_64-fedora-gcc, r-devel-windows-x86_64, r-patched-linux-x86_64, r-release-linux-x86_64, r-release-macos-arm64, r-release-macos-x86_64, r-release-windows-x86_64, r-oldrel-macos-arm64, r-oldrel-macos-x86_64, r-oldrel-windows-ix86+x86_64
Version: 0.0.1
Check: dependencies in R code
Result: NOTE
Namespace in Imports field not imported from: ‘MASS’
All declared Imports should be used.
Flavors: r-devel-linux-x86_64-fedora-clang, r-devel-linux-x86_64-fedora-gcc, r-release-macos-arm64, r-release-macos-x86_64, r-oldrel-macos-arm64, r-oldrel-macos-x86_64