CRAN Package Check Results for Package hmi

Last updated on 2020-08-11 21:48:28 CEST.

Flavor Version Tinstall Tcheck Ttotal Status Flags
r-devel-linux-x86_64-debian-clang 0.9.19 10.66 74.01 84.67 OK
r-devel-linux-x86_64-debian-gcc 0.9.19 0.47 2.02 2.49 ERROR
r-devel-linux-x86_64-fedora-clang 0.9.19 106.64 NOTE
r-devel-linux-x86_64-fedora-gcc 0.9.19 98.31 NOTE
r-devel-windows-ix86+x86_64 0.9.19 24.00 120.00 144.00 OK
r-patched-linux-x86_64 0.9.19 9.81 72.62 82.43 OK
r-patched-solaris-x86 0.9.19 135.10 NOTE
r-release-linux-x86_64 0.9.19 0.62 2.74 3.36 ERROR
r-release-macos-x86_64 0.9.19 NOTE
r-release-windows-ix86+x86_64 0.9.19 37.00 115.00 152.00 OK
r-oldrel-macos-x86_64 0.9.19 NOTE
r-oldrel-windows-ix86+x86_64 0.9.19 16.00 71.00 87.00 OK

Check Details

Version: 0.9.19
Check: package dependencies
Result: ERROR
    Packages required but not available: 'broom.mixed', 'mice'
    
    See section ‘The DESCRIPTION file’ in the ‘Writing R Extensions’
    manual.
Flavors: r-devel-linux-x86_64-debian-gcc, r-release-linux-x86_64

Version: 0.9.19
Check: dependencies in R code
Result: NOTE
    Namespace in Imports field not imported from: ‘broom.mixed’
     All declared Imports should be used.
Flavors: r-devel-linux-x86_64-fedora-clang, r-devel-linux-x86_64-fedora-gcc, r-patched-solaris-x86, r-release-macos-x86_64, r-oldrel-macos-x86_64