Last updated on 2025-02-08 06:48:39 CET.
Flavor | Version | Tinstall | Tcheck | Ttotal | Status | Flags |
---|---|---|---|---|---|---|
r-devel-linux-x86_64-debian-clang | 0.2-2 | 4.80 | 38.12 | 42.92 | OK | |
r-devel-linux-x86_64-debian-gcc | 0.2-2 | 3.39 | 28.48 | 31.87 | OK | |
r-devel-linux-x86_64-fedora-clang | 0.2-2 | 69.51 | OK | |||
r-devel-linux-x86_64-fedora-gcc | 0.2-2 | 67.42 | OK | |||
r-devel-windows-x86_64 | 0.2-2 | 5.00 | 63.00 | 68.00 | OK | |
r-patched-linux-x86_64 | 0.2-2 | 4.34 | 36.22 | 40.56 | NOTE | |
r-release-linux-x86_64 | 0.2-2 | 4.10 | 37.03 | 41.13 | NOTE | |
r-release-macos-arm64 | 0.2-2 | 21.00 | NOTE | |||
r-release-macos-x86_64 | 0.2-2 | 35.00 | NOTE | |||
r-release-windows-x86_64 | 0.2-2 | 5.00 | 56.00 | 61.00 | NOTE | |
r-oldrel-macos-arm64 | 0.2-2 | 23.00 | NOTE | |||
r-oldrel-macos-x86_64 | 0.2-2 | 35.00 | NOTE | |||
r-oldrel-windows-x86_64 | 0.2-2 | 6.00 | 62.00 | 68.00 | NOTE |
Version: 0.2-2
Check: package dependencies
Result: NOTE
Package which this enhances but not available for checking: ‘HadoopStreaming’
Flavors: r-patched-linux-x86_64, r-release-linux-x86_64, r-release-macos-arm64, r-release-macos-x86_64, r-release-windows-x86_64, r-oldrel-macos-arm64, r-oldrel-macos-x86_64, r-oldrel-windows-x86_64