CRAN Package Check Results for Package histry

Last updated on 2022-10-01 05:51:23 CEST.

Flavor Version Tinstall Tcheck Ttotal Status Flags
r-devel-linux-x86_64-debian-clang 0.2.4 8.92 72.02 80.94 NOTE
r-devel-linux-x86_64-debian-gcc 0.2.4 6.20 55.50 61.70 NOTE
r-devel-linux-x86_64-fedora-clang 0.2.4 111.27 NOTE
r-devel-linux-x86_64-fedora-gcc 0.2.4 118.57 NOTE
r-devel-windows-x86_64 0.2.4 27.00 110.00 137.00 OK
r-patched-linux-x86_64 0.2.4 9.47 71.70 81.17 NOTE
r-release-linux-x86_64 0.2.4 8.87 71.00 79.87 NOTE
r-release-macos-arm64 0.2.4 33.00 NOTE
r-release-macos-x86_64 0.2.4 45.00 NOTE
r-release-windows-x86_64 0.2.4 26.00 116.00 142.00 OK
r-oldrel-macos-arm64 0.2.4 42.00 OK
r-oldrel-macos-x86_64 0.2.4 54.00 OK
r-oldrel-windows-ix86+x86_64 0.2.4 22.00 105.00 127.00 OK

Check Details

Version: 0.2.4
Check: package dependencies
Result: NOTE
    Package suggested but not available for checking: 'trackr'
Flavors: r-devel-linux-x86_64-debian-clang, r-devel-linux-x86_64-debian-gcc, r-devel-linux-x86_64-fedora-clang, r-devel-linux-x86_64-fedora-gcc, r-patched-linux-x86_64, r-release-linux-x86_64, r-release-macos-arm64, r-release-macos-x86_64