CRAN Package Check Results for Package hilbertSimilarity

Last updated on 2023-03-30 21:49:55 CEST.

Flavor Version Tinstall Tcheck Ttotal Status Flags
r-devel-linux-x86_64-debian-clang 0.4.3 20.00 188.38 208.38 NOTE
r-devel-linux-x86_64-debian-gcc 0.4.3 14.63 144.84 159.47 NOTE
r-devel-linux-x86_64-fedora-clang 0.4.3 254.94 NOTE
r-devel-linux-x86_64-fedora-gcc 0.4.3 279.96 NOTE
r-devel-windows-x86_64 0.4.3 66.00 0.00 66.00 NOTE
r-patched-linux-x86_64 0.4.3 16.42 188.40 204.82 NOTE
r-release-linux-x86_64 0.4.3 13.99 188.86 202.85 NOTE
r-release-macos-arm64 0.4.3 57.00 NOTE
r-release-macos-x86_64 0.4.3 84.00 NOTE
r-release-windows-x86_64 0.4.3 75.00 268.00 343.00 NOTE
r-oldrel-macos-arm64 0.4.3 74.00 NOTE
r-oldrel-macos-x86_64 0.4.3 168.00 NOTE
r-oldrel-windows-ix86+x86_64 0.4.3 47.00 261.00 308.00 NOTE

Check Details

Version: 0.4.3
Check: C++ specification
Result: NOTE
     Specified C++11: please drop specification unless essential
Flavors: r-devel-linux-x86_64-debian-clang, r-devel-linux-x86_64-debian-gcc, r-devel-linux-x86_64-fedora-clang, r-devel-linux-x86_64-fedora-gcc, r-devel-windows-x86_64, r-patched-linux-x86_64

Version: 0.4.3
Check: LazyData
Result: NOTE
     'LazyData' is specified without a 'data' directory
Flavors: r-devel-linux-x86_64-debian-clang, r-devel-linux-x86_64-debian-gcc, r-devel-linux-x86_64-fedora-clang, r-devel-linux-x86_64-fedora-gcc, r-devel-windows-x86_64, r-patched-linux-x86_64, r-release-linux-x86_64, r-release-macos-arm64, r-release-macos-x86_64, r-release-windows-x86_64, r-oldrel-macos-arm64, r-oldrel-macos-x86_64, r-oldrel-windows-ix86+x86_64