Last updated on 2024-04-27 03:56:16 CEST.
Flavor | Version | Tinstall | Tcheck | Ttotal | Status | Flags |
---|---|---|---|---|---|---|
r-devel-linux-x86_64-debian-clang | 0.9.0 | 38.39 | 181.20 | 219.59 | NOTE | |
r-devel-linux-x86_64-debian-gcc | 0.9.0 | 34.23 | 140.86 | 175.09 | NOTE | |
r-devel-linux-x86_64-fedora-clang | 0.9.0 | 274.96 | NOTE | |||
r-devel-linux-x86_64-fedora-gcc | 0.9.0 | 297.43 | NOTE | |||
r-devel-windows-x86_64 | 0.9.0 | 35.00 | 187.00 | 222.00 | NOTE | |
r-patched-linux-x86_64 | 0.9.0 | 36.65 | 195.07 | 231.72 | NOTE | |
r-release-linux-x86_64 | 0.9.0 | 38.37 | 170.25 | 208.62 | NOTE | |
r-release-macos-arm64 | 0.9.0 | 119.00 | NOTE | |||
r-release-windows-x86_64 | 0.9.0 | 36.00 | 188.00 | 224.00 | NOTE | |
r-oldrel-macos-arm64 | 0.9.0 | 137.00 | NOTE | |||
r-oldrel-macos-x86_64 | 0.9.0 | 180.00 | NOTE | |||
r-oldrel-windows-x86_64 | 0.9.0 | 40.00 | 208.00 | 248.00 | NOTE |
Version: 0.9.0
Check: C++ specification
Result: NOTE
Specified C++11: please drop specification unless essential
Flavors: r-devel-linux-x86_64-debian-clang, r-devel-linux-x86_64-debian-gcc, r-devel-linux-x86_64-fedora-clang, r-devel-linux-x86_64-fedora-gcc, r-devel-windows-x86_64, r-patched-linux-x86_64, r-release-linux-x86_64, r-release-macos-arm64, r-release-windows-x86_64, r-oldrel-macos-arm64, r-oldrel-macos-x86_64, r-oldrel-windows-x86_64