Last updated on 2024-03-29 04:05:54 CET.
Flavor | Version | Tinstall | Tcheck | Ttotal | Status | Flags |
---|---|---|---|---|---|---|
r-devel-linux-x86_64-debian-clang | 1.4.9 | 12.73 | 139.52 | 152.25 | NOTE | |
r-devel-linux-x86_64-debian-gcc | 1.4.9 | 12.44 | 101.02 | 113.46 | NOTE | |
r-devel-linux-x86_64-fedora-clang | 1.4.9 | 197.28 | OK | |||
r-devel-linux-x86_64-fedora-gcc | 1.4.9 | 182.98 | OK | |||
r-devel-windows-x86_64 | 1.4.9 | 13.00 | 116.00 | 129.00 | OK | |
r-patched-linux-x86_64 | 1.4.9 | 10.53 | 132.49 | 143.02 | NOTE | |
r-release-linux-x86_64 | 1.4.9 | 10.06 | 133.78 | 143.84 | NOTE | |
r-release-macos-arm64 | 1.4.9 | 59.00 | NOTE | |||
r-release-macos-x86_64 | 1.4.9 | 108.00 | NOTE | |||
r-release-windows-x86_64 | 1.4.9 | 18.00 | 141.00 | 159.00 | NOTE | |
r-oldrel-macos-arm64 | 1.4.9 | 58.00 | NOTE | |||
r-oldrel-windows-x86_64 | 1.4.9 | 20.00 | 145.00 | 165.00 | NOTE |
Version: 1.4.9
Check: package dependencies
Result: NOTE
Package suggested but not available for checking: ‘INLA’
Flavors: r-devel-linux-x86_64-debian-clang, r-devel-linux-x86_64-debian-gcc, r-patched-linux-x86_64, r-release-linux-x86_64, r-release-macos-arm64, r-release-macos-x86_64, r-release-windows-x86_64, r-oldrel-macos-arm64, r-oldrel-windows-x86_64