CRAN Package Check Results for Package hierfstat

Last updated on 2024-06-13 21:49:17 CEST.

Flavor Version Tinstall Tcheck Ttotal Status Flags
r-devel-linux-x86_64-debian-clang 0.5-11 7.09 188.96 196.05 NOTE
r-devel-linux-x86_64-debian-gcc 0.5-11 0.36 1.89 2.25 ERROR
r-devel-linux-x86_64-fedora-clang 0.5-11 243.61 NOTE
r-devel-linux-x86_64-fedora-gcc 0.5-11 258.70 NOTE
r-devel-windows-x86_64 0.5-11 9.00 167.00 176.00 NOTE
r-patched-linux-x86_64 0.5-11 9.22 194.90 204.12 NOTE
r-release-linux-x86_64 0.5-11 5.08 193.31 198.39 NOTE
r-release-macos-arm64 0.5-11 70.00 NOTE
r-release-macos-x86_64 0.5-11 116.00 NOTE
r-release-windows-x86_64 0.5-11 9.00 173.00 182.00 NOTE
r-oldrel-macos-arm64 0.5-11 79.00 OK
r-oldrel-macos-x86_64 0.5-11 131.00 OK
r-oldrel-windows-x86_64 0.5-11 10.00 200.00 210.00 OK

Check Details

Version: 0.5-11
Check: Rd files
Result: NOTE checkRd: (-1) read.VCF.Rd:21: Lost braces 21 | Reads a \url{https://samtools.github.io/hts-specs/}{Variant Call Format (VCF)} file into a BED object, | ^ Flavors: r-devel-linux-x86_64-debian-clang, r-devel-linux-x86_64-fedora-clang, r-devel-linux-x86_64-fedora-gcc, r-devel-windows-x86_64, r-patched-linux-x86_64, r-release-linux-x86_64, r-release-macos-arm64, r-release-macos-x86_64, r-release-windows-x86_64

Version: 0.5-11
Check: package dependencies
Result: ERROR Package required but not available: ‘adegenet’ Package suggested but not available for checking: ‘testthat’ See section ‘The DESCRIPTION file’ in the ‘Writing R Extensions’ manual. Flavor: r-devel-linux-x86_64-debian-gcc