CRAN Package Check Results for Package hht

Last updated on 2022-10-01 05:51:23 CEST.

Flavor Version Tinstall Tcheck Ttotal Status Flags
r-devel-linux-x86_64-debian-clang 2.1.4 12.24 107.16 119.40 OK
r-devel-linux-x86_64-debian-gcc 2.1.4 9.37 78.87 88.24 OK
r-devel-linux-x86_64-fedora-clang 2.1.4 153.12 NOTE
r-devel-linux-x86_64-fedora-gcc 2.1.4 161.71 NOTE
r-devel-windows-x86_64 2.1.4 20.00 132.00 152.00 OK
r-patched-linux-x86_64 2.1.4 13.34 98.03 111.37 OK
r-release-linux-x86_64 2.1.4 7.00 99.09 106.09 OK
r-release-macos-arm64 2.1.4 42.00 NOTE
r-release-macos-x86_64 2.1.4 73.00 NOTE
r-release-windows-x86_64 2.1.4 13.00 132.00 145.00 OK
r-oldrel-macos-arm64 2.1.4 45.00 NOTE
r-oldrel-macos-x86_64 2.1.4 82.00 NOTE
r-oldrel-windows-ix86+x86_64 2.1.4 24.00 122.00 146.00 OK

Check Details

Version: 2.1.4
Check: dependencies in R code
Result: NOTE
    Namespace in Imports field not imported from: ‘spatstat.linnet’
     All declared Imports should be used.
Flavors: r-devel-linux-x86_64-fedora-clang, r-devel-linux-x86_64-fedora-gcc, r-release-macos-arm64, r-release-macos-x86_64, r-oldrel-macos-arm64, r-oldrel-macos-x86_64