CRAN Package Check Results for Package hhi

Last updated on 2025-02-01 21:49:14 CET.

Flavor Version Tinstall Tcheck Ttotal Status Flags
r-devel-linux-x86_64-debian-clang 1.2.0 1.50 18.66 20.16 OK
r-devel-linux-x86_64-debian-gcc 1.2.0 1.43 15.58 17.01 OK
r-devel-linux-x86_64-fedora-clang 1.2.0 33.30 OK
r-devel-linux-x86_64-fedora-gcc 1.2.0 31.07 OK
r-devel-windows-x86_64 1.2.0 3.00 45.00 48.00 OK
r-patched-linux-x86_64 1.2.0 1.73 18.00 19.73 NOTE
r-release-linux-x86_64 1.2.0 1.59 18.11 19.70 NOTE
r-release-macos-arm64 1.2.0 16.00 NOTE
r-release-macos-x86_64 1.2.0 23.00 NOTE
r-release-windows-x86_64 1.2.0 3.00 45.00 48.00 NOTE
r-oldrel-macos-arm64 1.2.0 23.00 NOTE
r-oldrel-macos-x86_64 1.2.0 21.00 NOTE
r-oldrel-windows-x86_64 1.2.0 3.00 46.00 49.00 NOTE

Check Details

Version: 1.2.0
Check: LazyData
Result: NOTE 'LazyData' is specified without a 'data' directory Flavors: r-patched-linux-x86_64, r-release-linux-x86_64, r-release-macos-arm64, r-release-macos-x86_64, r-release-windows-x86_64, r-oldrel-macos-arm64, r-oldrel-macos-x86_64, r-oldrel-windows-x86_64