Last updated on 2023-04-02 12:56:03 CEST.
Flavor | Version | Tinstall | Tcheck | Ttotal | Status | Flags |
---|---|---|---|---|---|---|
r-devel-linux-x86_64-debian-clang | 0.13.1 | 14.17 | 106.18 | 120.35 | OK | |
r-devel-linux-x86_64-debian-gcc | 0.13.1 | 10.25 | 81.21 | 91.46 | OK | |
r-devel-linux-x86_64-fedora-clang | 0.13.1 | 146.70 | NOTE | |||
r-devel-linux-x86_64-fedora-gcc | 0.13.1 | 141.63 | OK | |||
r-devel-windows-x86_64 | 0.13.1 | 18.00 | 138.00 | 156.00 | OK | |
r-patched-linux-x86_64 | 0.13.1 | 15.04 | 103.27 | 118.31 | OK | |
r-release-linux-x86_64 | 0.13.1 | 9.14 | 102.64 | 111.78 | OK | |
r-release-macos-arm64 | 0.13.1 | 43.00 | OK | |||
r-release-macos-x86_64 | 0.13.1 | 57.00 | OK | |||
r-release-windows-x86_64 | 0.13.1 | 26.00 | 137.00 | 163.00 | OK | |
r-oldrel-macos-arm64 | 0.13.1 | 49.00 | OK | |||
r-oldrel-macos-x86_64 | 0.13.1 | 92.00 | OK | |||
r-oldrel-windows-ix86+x86_64 | 0.13.1 | 25.00 | 123.00 | 148.00 | OK |
Version: 0.13.1
Check: Rd cross-references
Result: NOTE
Undeclared packages ‘sp’, ‘rgeos’ in Rd xrefs
Flavor: r-devel-linux-x86_64-fedora-clang