Last updated on 2023-09-23 21:52:47 CEST.
Flavor | Version | Tinstall | Tcheck | Ttotal | Status | Flags |
---|---|---|---|---|---|---|
r-devel-linux-x86_64-debian-clang | 1.0-1 | 6.26 | 42.60 | 48.86 | NOTE | |
r-devel-linux-x86_64-debian-gcc | 1.0-1 | 4.72 | 32.55 | 37.27 | NOTE | |
r-devel-linux-x86_64-fedora-clang | 1.0-1 | 58.63 | NOTE | |||
r-devel-linux-x86_64-fedora-gcc | 1.0-1 | 58.90 | NOTE | |||
r-devel-windows-x86_64 | 1.0-1 | 6.00 | 53.00 | 59.00 | NOTE | |
r-patched-linux-x86_64 | 1.0-1 | 6.94 | 40.80 | 47.74 | NOTE | |
r-release-linux-x86_64 | 1.0-1 | 6.51 | 40.53 | 47.04 | NOTE | |
r-release-macos-arm64 | 1.0-1 | 23.00 | NOTE | |||
r-release-macos-x86_64 | 1.0-1 | 44.00 | NOTE | |||
r-release-windows-x86_64 | 1.0-1 | 8.00 | 59.00 | 67.00 | NOTE | |
r-oldrel-macos-arm64 | 1.0-1 | 23.00 | OK | |||
r-oldrel-macos-x86_64 | 1.0-1 | 32.00 | OK | |||
r-oldrel-windows-x86_64 | 1.0-1 | 8.00 | 60.00 | 68.00 | OK |
Version: 1.0-1
Check: Rd files
Result: NOTE
checkRd: (-1) ohio.Rd:104: Escaped LaTeX specials: \&
checkRd: (-1) ohio.Rd:105: Escaped LaTeX specials: \&
Flavors: r-devel-linux-x86_64-debian-clang, r-devel-linux-x86_64-debian-gcc, r-devel-linux-x86_64-fedora-clang, r-devel-linux-x86_64-fedora-gcc, r-devel-windows-x86_64, r-patched-linux-x86_64, r-release-linux-x86_64, r-release-macos-arm64, r-release-macos-x86_64, r-release-windows-x86_64