Last updated on 2025-05-11 12:50:21 CEST.
Flavor | Version | Tinstall | Tcheck | Ttotal | Status | Flags |
---|---|---|---|---|---|---|
r-devel-linux-x86_64-debian-clang | 2.3.1 | 18.35 | 66.90 | 85.25 | OK | |
r-devel-linux-x86_64-debian-gcc | 2.3.1 | 14.03 | 48.03 | 62.06 | OK | |
r-devel-linux-x86_64-fedora-clang | 2.3.1 | 137.21 | OK | |||
r-devel-linux-x86_64-fedora-gcc | 2.3.1 | 154.61 | OK | |||
r-devel-windows-x86_64 | 2.3.1 | 24.00 | 102.00 | 126.00 | OK | |
r-patched-linux-x86_64 | 2.3.1 | 19.33 | 60.55 | 79.88 | OK | |
r-release-linux-x86_64 | 2.3.1 | 18.99 | 60.82 | 79.81 | OK | |
r-release-macos-arm64 | 2.3.1 | 44.00 | OK | |||
r-release-macos-x86_64 | 2.3.1 | 89.00 | OK | |||
r-release-windows-x86_64 | 2.3.1 | 23.00 | 101.00 | 124.00 | OK | |
r-oldrel-macos-arm64 | 2.3.1 | 32.00 | NOTE | |||
r-oldrel-macos-x86_64 | 2.3.1 | 62.00 | NOTE | |||
r-oldrel-windows-x86_64 | 2.3.1 | 23.00 | 123.00 | 146.00 | NOTE |
Version: 2.3.1
Check: installed package size
Result: NOTE
installed size is 5.5Mb
sub-directories of 1Mb or more:
R 1.6Mb
doc 1.9Mb
libs 1.8Mb
Flavors: r-oldrel-macos-arm64, r-oldrel-macos-x86_64
Version: 2.3.1
Check: for GNU extensions in Makefiles
Result: NOTE
GNU make is a SystemRequirements.
Flavors: r-oldrel-macos-arm64, r-oldrel-macos-x86_64, r-oldrel-windows-x86_64